{"id":54506,"date":"2026-01-05T00:00:00","date_gmt":"2026-01-04T23:00:00","guid":{"rendered":"https:\/\/partyinabox.dk\/party\/?post_type=product&#038;p=54506"},"modified":"2026-04-08T03:37:36","modified_gmt":"2026-04-08T01:37:36","slug":"super-mario-festhatte","status":"publish","type":"product","link":"https:\/\/partyinabox.dk\/party\/vare\/super-mario-festhatte\/","title":{"rendered":"Super Mario\u00ae Festhatte"},"content":{"rendered":"<p>Dyk ned i Super Marios verden med disse sjove og farverige Super Mario festhatte! Kl\u00e6d g\u00e6sterne ud som Mario og Luigi og bring sp\u00e6ndingen fra det ikoniske spil til liv. Med et design, der inkluderer det klassiske M og L, vil disse hatte begejstre b\u00e5de b\u00f8rn og voksne fans. De er perfekte til at tilf\u00f8je et legende og eventyrligt touch til enhver Super Mario-temafest. Disse hatte er ikke kun en fantastisk m\u00e5de at fejre p\u00e5, men ogs\u00e5 en munter m\u00e5de at skabe mindev\u00e6rdige \u00f8jeblikke og fotos fra festen!<\/p>\n","protected":false},"excerpt":{"rendered":"<p>Dyk ned i Super Marios verden med disse sjove og farverige Super Mario festhatte! Kl\u00e6d g\u00e6sterne ud som Mario og Luigi og bring sp\u00e6ndingen fra det ikoniske spil til liv. Med et design, der inkluderer det klassiske M og L, [&hellip;]<\/p>\n","protected":false},"featured_media":54507,"template":"","meta":{"_acf_changed":false},"product_brand":[],"product_cat":[34],"product_tag":[],"class_list":{"0":"post-54506","1":"product","2":"type-product","3":"status-publish","4":"has-post-thumbnail","6":"product_cat-accessories","7":"pa_item-color-groen","8":"pa_item-color-roed","9":"pa_item-group-festtilbehoer","10":"pa_item-subgroup-partyhatte","11":"pa_pakken-indeholder-8-stk-festhatte","12":"pa_tema_tax-animations","13":"pa_under-tema-super-mario","15":"first","16":"outofstock","17":"taxable","18":"shipping-taxable","19":"purchasable","20":"product-type-simple"},"bundled_by":[],"bundle_stock_status":"outofstock","bundle_stock_quantity":0,"bundle_virtual":false,"bundle_layout":"","bundle_add_to_cart_form_location":"","bundle_editable_in_cart":false,"bundle_sold_individually_context":"","bundle_item_grouping":"","bundle_min_size":"","bundle_max_size":"","bundle_price":[],"bundled_items":[],"bundle_sell_ids":[],"acf":[],"tiered_pricing_type":"fixed","tiered_pricing_fixed_rules":[],"tiered_pricing_product_settings":{"layout":"default","base_unit_name":{"singular":null,"plural":null},"default_variation":null},"tiered_pricing_minimum_quantity":null,"tiered_pricing_roles_data":[],"tiered_pricing_percentage_rules":[],"tiered_pricing_maximum_quantity":null,"tiered_pricing_quantity_step":null,"_links":{"self":[{"href":"https:\/\/partyinabox.dk\/party\/wp-json\/wp\/v2\/product\/54506","targetHints":{"allow":["GET"]}}],"collection":[{"href":"https:\/\/partyinabox.dk\/party\/wp-json\/wp\/v2\/product"}],"about":[{"href":"https:\/\/partyinabox.dk\/party\/wp-json\/wp\/v2\/types\/product"}],"wp:featuredmedia":[{"embeddable":true,"href":"https:\/\/partyinabox.dk\/party\/wp-json\/wp\/v2\/media\/54507"}],"wp:attachment":[{"href":"https:\/\/partyinabox.dk\/party\/wp-json\/wp\/v2\/media?parent=54506"}],"wp:term":[{"taxonomy":"product_brand","embeddable":true,"href":"https:\/\/partyinabox.dk\/party\/wp-json\/wp\/v2\/product_brand?post=54506"},{"taxonomy":"product_cat","embeddable":true,"href":"https:\/\/partyinabox.dk\/party\/wp-json\/wp\/v2\/product_cat?post=54506"},{"taxonomy":"product_tag","embeddable":true,"href":"https:\/\/partyinabox.dk\/party\/wp-json\/wp\/v2\/product_tag?post=54506"}],"curies":[{"name":"wp","href":"https:\/\/api.w.org\/{rel}","templated":true}]}}