{"id":54436,"date":"2024-02-23T00:00:00","date_gmt":"2024-02-22T23:00:00","guid":{"rendered":"https:\/\/partyinabox.dk\/party\/?post_type=product&#038;p=54436"},"modified":"2026-04-28T03:34:01","modified_gmt":"2026-04-28T01:34:01","slug":"heste-folieballon","status":"publish","type":"product","link":"https:\/\/partyinabox.dk\/party\/vare\/heste-folieballon\/","title":{"rendered":"Heste Folieballon"},"content":{"rendered":"<p>Giv b\u00f8rnef\u00f8dselsdagen et elegant og eventyrligt pr\u00e6g med denne Heste Folieballon! Ballonen, der er smukt dekoreret med galoperende heste og blomsterdetaljer i lyser\u00f8de og hvide nuancer, tilf\u00f8jer en dr\u00f8mmeagtig atmosf\u00e6re til ethvert hestetema. Perfekt for sm\u00e5 ryttere og hesteelskere, vil denne ballon ikke blot skabe begejstring, men ogs\u00e5 bidrage til en uforglemmelig fejring. Match den med andet hestepynt for at fuldende den magiske stemning!<\/p>\n","protected":false},"excerpt":{"rendered":"<p>Giv b\u00f8rnef\u00f8dselsdagen et elegant og eventyrligt pr\u00e6g med denne Heste Folieballon! Ballonen, der er smukt dekoreret med galoperende heste og blomsterdetaljer i lyser\u00f8de og hvide nuancer, tilf\u00f8jer en dr\u00f8mmeagtig atmosf\u00e6re til ethvert hestetema. Perfekt for sm\u00e5 ryttere og hesteelskere, vil [&hellip;]<\/p>\n","protected":false},"featured_media":54437,"template":"","meta":{"_acf_changed":false},"product_brand":[],"product_cat":[30],"product_tag":[],"class_list":{"0":"post-54436","1":"product","2":"type-product","3":"status-publish","4":"has-post-thumbnail","6":"product_cat-balloner","7":"pa_item-color-hvid","8":"pa_item-color-lyseroed","9":"pa_item-color-brun","10":"pa_item-group-balloner","11":"pa_item-subgroup-folieballoner","12":"pa_pakken-indeholder-folieballon","13":"pa_tema_tax-animals","14":"pa_under-tema-horse","16":"first","17":"instock","18":"taxable","19":"shipping-taxable","20":"purchasable","21":"product-type-simple"},"bundled_by":[],"bundle_stock_status":"instock","bundle_stock_quantity":5,"bundle_virtual":false,"bundle_layout":"","bundle_add_to_cart_form_location":"","bundle_editable_in_cart":false,"bundle_sold_individually_context":"","bundle_item_grouping":"","bundle_min_size":"","bundle_max_size":"","bundle_price":[],"bundled_items":[],"bundle_sell_ids":[],"acf":[],"tiered_pricing_type":"fixed","tiered_pricing_fixed_rules":[],"tiered_pricing_product_settings":{"layout":"default","base_unit_name":{"singular":null,"plural":null},"default_variation":null},"tiered_pricing_minimum_quantity":null,"tiered_pricing_roles_data":[],"tiered_pricing_percentage_rules":[],"tiered_pricing_maximum_quantity":null,"tiered_pricing_quantity_step":null,"_links":{"self":[{"href":"https:\/\/partyinabox.dk\/party\/wp-json\/wp\/v2\/product\/54436","targetHints":{"allow":["GET"]}}],"collection":[{"href":"https:\/\/partyinabox.dk\/party\/wp-json\/wp\/v2\/product"}],"about":[{"href":"https:\/\/partyinabox.dk\/party\/wp-json\/wp\/v2\/types\/product"}],"wp:featuredmedia":[{"embeddable":true,"href":"https:\/\/partyinabox.dk\/party\/wp-json\/wp\/v2\/media\/54437"}],"wp:attachment":[{"href":"https:\/\/partyinabox.dk\/party\/wp-json\/wp\/v2\/media?parent=54436"}],"wp:term":[{"taxonomy":"product_brand","embeddable":true,"href":"https:\/\/partyinabox.dk\/party\/wp-json\/wp\/v2\/product_brand?post=54436"},{"taxonomy":"product_cat","embeddable":true,"href":"https:\/\/partyinabox.dk\/party\/wp-json\/wp\/v2\/product_cat?post=54436"},{"taxonomy":"product_tag","embeddable":true,"href":"https:\/\/partyinabox.dk\/party\/wp-json\/wp\/v2\/product_tag?post=54436"}],"curies":[{"name":"wp","href":"https:\/\/api.w.org\/{rel}","templated":true}]}}