{"id":54387,"date":"2024-01-30T00:00:00","date_gmt":"2024-01-29T23:00:00","guid":{"rendered":"https:\/\/partyinabox.dk\/party\/?post_type=product&#038;p=54387"},"modified":"2026-04-09T00:51:23","modified_gmt":"2026-04-08T22:51:23","slug":"brandmand-sam-dug-2","status":"publish","type":"product","link":"https:\/\/partyinabox.dk\/party\/vare\/brandmand-sam-dug-2\/","title":{"rendered":"Brandmand Sam\u00ae Dug"},"content":{"rendered":"<p>G\u00f8r b\u00f8rnef\u00f8dselsdagen uforglemmelig med et festbord pyntet med Brandmand Sam og hans modige kollegaer! Denne farverige dug bringer helte fra b\u00f8rnenes yndlingshistorier direkte til festen og skaber en helt s\u00e6rlig stemning. Perfekt til den lille eventyrer, der elsker sp\u00e6nding og heltegerninger. Saml vennerne omkring bordet og lad dem dykke ned i Brandmand Sams verden, mens de fejrer en dag fuld af leg og fantasi.<\/p>\n","protected":false},"excerpt":{"rendered":"<p>G\u00f8r b\u00f8rnef\u00f8dselsdagen uforglemmelig med et festbord pyntet med Brandmand Sam og hans modige kollegaer! Denne farverige dug bringer helte fra b\u00f8rnenes yndlingshistorier direkte til festen og skaber en helt s\u00e6rlig stemning. Perfekt til den lille eventyrer, der elsker sp\u00e6nding og [&hellip;]<\/p>\n","protected":false},"featured_media":54388,"template":"","meta":{"_acf_changed":false},"product_brand":[],"product_cat":[32],"product_tag":[],"class_list":{"0":"post-54387","1":"product","2":"type-product","3":"status-publish","4":"has-post-thumbnail","6":"product_cat-service","7":"pa_item-color-groen","8":"pa_item-color-gul","9":"pa_item-color-roed","10":"pa_item-color-blaa","11":"pa_item-group-borddekoration","12":"pa_item-subgroup-duge","13":"pa_pakken-indeholder-papirdug-120-x-180-cm","14":"pa_tema_tax-kids-tv","15":"pa_under-tema-fireman-sam","17":"first","18":"instock","19":"taxable","20":"shipping-taxable","21":"purchasable","22":"product-type-simple"},"bundled_by":[],"bundle_stock_status":"instock","bundle_stock_quantity":98,"bundle_virtual":false,"bundle_layout":"","bundle_add_to_cart_form_location":"","bundle_editable_in_cart":false,"bundle_sold_individually_context":"","bundle_item_grouping":"","bundle_min_size":"","bundle_max_size":"","bundle_price":[],"bundled_items":[],"bundle_sell_ids":[],"acf":[],"tiered_pricing_type":"fixed","tiered_pricing_fixed_rules":[],"tiered_pricing_product_settings":{"layout":"default","base_unit_name":{"singular":null,"plural":null},"default_variation":null},"tiered_pricing_minimum_quantity":null,"tiered_pricing_roles_data":[],"tiered_pricing_percentage_rules":[],"tiered_pricing_maximum_quantity":null,"tiered_pricing_quantity_step":null,"_links":{"self":[{"href":"https:\/\/partyinabox.dk\/party\/wp-json\/wp\/v2\/product\/54387","targetHints":{"allow":["GET"]}}],"collection":[{"href":"https:\/\/partyinabox.dk\/party\/wp-json\/wp\/v2\/product"}],"about":[{"href":"https:\/\/partyinabox.dk\/party\/wp-json\/wp\/v2\/types\/product"}],"wp:featuredmedia":[{"embeddable":true,"href":"https:\/\/partyinabox.dk\/party\/wp-json\/wp\/v2\/media\/54388"}],"wp:attachment":[{"href":"https:\/\/partyinabox.dk\/party\/wp-json\/wp\/v2\/media?parent=54387"}],"wp:term":[{"taxonomy":"product_brand","embeddable":true,"href":"https:\/\/partyinabox.dk\/party\/wp-json\/wp\/v2\/product_brand?post=54387"},{"taxonomy":"product_cat","embeddable":true,"href":"https:\/\/partyinabox.dk\/party\/wp-json\/wp\/v2\/product_cat?post=54387"},{"taxonomy":"product_tag","embeddable":true,"href":"https:\/\/partyinabox.dk\/party\/wp-json\/wp\/v2\/product_tag?post=54387"}],"curies":[{"name":"wp","href":"https:\/\/api.w.org\/{rel}","templated":true}]}}