{"id":54372,"date":"2024-02-13T00:00:00","date_gmt":"2024-02-12T23:00:00","guid":{"rendered":"https:\/\/partyinabox.dk\/party\/?post_type=product&#038;p=54372"},"modified":"2026-03-31T13:16:22","modified_gmt":"2026-03-31T11:16:22","slug":"askepot-mega-folieballon","status":"publish","type":"product","link":"https:\/\/partyinabox.dk\/party\/vare\/askepot-mega-folieballon\/","title":{"rendered":"Askepot\u00ae Mega Folieballon"},"content":{"rendered":"<p>Tag din lille prinsesses f\u00f8dselsdagsfest til et magisk niveau med denne fortryllende folieballon, inspireret af den elskede Disney-prinsesse. Denne ballon, der bringer eventyret til live, vil v\u00e6re midtpunktet i ethvert festlokale, og med garanti v\u00e6kke begejstring hos alle sm\u00e5 g\u00e6ster. Forestil dig deres gl\u00e6de, n\u00e5r de ser deres yndlingsprinsesse sv\u00e6ve i rummet, som en del af deres helt egen eventyrverden. Denne ballon er ikke bare en dekoration den er et eventyrligt touch, der tilf\u00f8jer glans og magi til festen. Perfekt til at skabe uforglemmelige minder og give festen den rigtige wow-faktor. Giv din lille prinsesse en f\u00f8dselsdagsfest, der er lige s\u00e5 fortryllende som hendes yndlings-Disneyfort\u00e6lling!<\/p>\n","protected":false},"excerpt":{"rendered":"<p>Tag din lille prinsesses f\u00f8dselsdagsfest til et magisk niveau med denne fortryllende folieballon, inspireret af den elskede Disney-prinsesse. Denne ballon, der bringer eventyret til live, vil v\u00e6re midtpunktet i ethvert festlokale, og med garanti v\u00e6kke begejstring hos alle sm\u00e5 g\u00e6ster. [&hellip;]<\/p>\n","protected":false},"featured_media":54373,"template":"","meta":{"_acf_changed":false},"product_brand":[],"product_cat":[30],"product_tag":[],"class_list":{"0":"post-54372","1":"product","2":"type-product","3":"status-publish","4":"has-post-thumbnail","6":"product_cat-balloner","7":"pa_item-color-blaa","8":"pa_item-color-gul","9":"pa_item-group-balloner","10":"pa_item-subgroup-folieballoner","11":"pa_pakken-indeholder-folieballon","12":"pa_tema_tax-disney","13":"pa_under-tema-cinderella","15":"first","16":"instock","17":"taxable","18":"shipping-taxable","19":"purchasable","20":"product-type-simple"},"bundled_by":[],"bundle_stock_status":"instock","bundle_stock_quantity":18,"bundle_virtual":false,"bundle_layout":"","bundle_add_to_cart_form_location":"","bundle_editable_in_cart":false,"bundle_sold_individually_context":"","bundle_item_grouping":"","bundle_min_size":"","bundle_max_size":"","bundle_price":[],"bundled_items":[],"bundle_sell_ids":[],"acf":[],"tiered_pricing_type":"fixed","tiered_pricing_fixed_rules":[],"tiered_pricing_product_settings":{"layout":"default","base_unit_name":{"singular":null,"plural":null},"default_variation":null},"tiered_pricing_minimum_quantity":null,"tiered_pricing_roles_data":[],"tiered_pricing_percentage_rules":[],"tiered_pricing_maximum_quantity":null,"tiered_pricing_quantity_step":null,"_links":{"self":[{"href":"https:\/\/partyinabox.dk\/party\/wp-json\/wp\/v2\/product\/54372","targetHints":{"allow":["GET"]}}],"collection":[{"href":"https:\/\/partyinabox.dk\/party\/wp-json\/wp\/v2\/product"}],"about":[{"href":"https:\/\/partyinabox.dk\/party\/wp-json\/wp\/v2\/types\/product"}],"wp:featuredmedia":[{"embeddable":true,"href":"https:\/\/partyinabox.dk\/party\/wp-json\/wp\/v2\/media\/54373"}],"wp:attachment":[{"href":"https:\/\/partyinabox.dk\/party\/wp-json\/wp\/v2\/media?parent=54372"}],"wp:term":[{"taxonomy":"product_brand","embeddable":true,"href":"https:\/\/partyinabox.dk\/party\/wp-json\/wp\/v2\/product_brand?post=54372"},{"taxonomy":"product_cat","embeddable":true,"href":"https:\/\/partyinabox.dk\/party\/wp-json\/wp\/v2\/product_cat?post=54372"},{"taxonomy":"product_tag","embeddable":true,"href":"https:\/\/partyinabox.dk\/party\/wp-json\/wp\/v2\/product_tag?post=54372"}],"curies":[{"name":"wp","href":"https:\/\/api.w.org\/{rel}","templated":true}]}}