{"id":54366,"date":"2024-01-25T00:00:00","date_gmt":"2024-01-24T23:00:00","guid":{"rendered":"https:\/\/partyinabox.dk\/party\/?post_type=product&#038;p=54366"},"modified":"2026-04-20T19:23:43","modified_gmt":"2026-04-20T17:23:43","slug":"battle-royal-dug","status":"publish","type":"product","link":"https:\/\/partyinabox.dk\/party\/vare\/battle-royal-dug\/","title":{"rendered":"Battle Royal Dug"},"content":{"rendered":"<p>G\u00f8r dit gamer-party eller b\u00f8rnef\u00f8dselsdag til en episk begivenhed med vores tema-dug! Dette er den ideelle tilf\u00f8jelse til enhver fest, hvor spil og sjov st\u00e5r \u00f8verst p\u00e5 dagsordenen. Dugen er prydet med livlige og sp\u00e6ndende motiver, der transporterer alle til en verden af sp\u00e6nding og eventyr. Fra dansetrin til faldsk\u00e6rme, hver detalje p\u00e5 dugen er designet til at v\u00e6kke begejstring og skabe en atmosf\u00e6re, der er lige s\u00e5 sp\u00e6ndende som selve spillet. Skab den perfekte scene for dit lan-party eller f\u00f8dselsdagsfejring, og lad dugen v\u00e6re baggrunden for uforglemmelige \u00f8jeblikke og sejre. Med denne dug bliver festen ikke bare en begivenhed  den bliver en oplevelse, hvor hver deltager f\u00f8ler sig som en del af spillet!<\/p>\n","protected":false},"excerpt":{"rendered":"<p>G\u00f8r dit gamer-party eller b\u00f8rnef\u00f8dselsdag til en episk begivenhed med vores tema-dug! Dette er den ideelle tilf\u00f8jelse til enhver fest, hvor spil og sjov st\u00e5r \u00f8verst p\u00e5 dagsordenen. Dugen er prydet med livlige og sp\u00e6ndende motiver, der transporterer alle til [&hellip;]<\/p>\n","protected":false},"featured_media":54367,"template":"","meta":{"_acf_changed":false},"product_brand":[],"product_cat":[32],"product_tag":[],"class_list":{"0":"post-54366","1":"product","2":"type-product","3":"status-publish","4":"has-post-thumbnail","6":"product_cat-service","7":"pa_item-color-sort","8":"pa_item-color-blaa","9":"pa_item-color-groen","10":"pa_item-group-borddekoration","11":"pa_item-subgroup-duge","12":"pa_pakken-indeholder-papirdug","13":"pa_tema_tax-animations","14":"pa_under-tema-battle-royal","16":"first","17":"instock","18":"taxable","19":"shipping-taxable","20":"purchasable","21":"product-type-simple"},"bundled_by":[],"bundle_stock_status":"instock","bundle_stock_quantity":60,"bundle_virtual":false,"bundle_layout":"","bundle_add_to_cart_form_location":"","bundle_editable_in_cart":false,"bundle_sold_individually_context":"","bundle_item_grouping":"","bundle_min_size":"","bundle_max_size":"","bundle_price":[],"bundled_items":[],"bundle_sell_ids":[],"acf":[],"tiered_pricing_type":"fixed","tiered_pricing_fixed_rules":[],"tiered_pricing_product_settings":{"layout":"default","base_unit_name":{"singular":null,"plural":null},"default_variation":null},"tiered_pricing_minimum_quantity":null,"tiered_pricing_roles_data":[],"tiered_pricing_percentage_rules":[],"tiered_pricing_maximum_quantity":null,"tiered_pricing_quantity_step":null,"_links":{"self":[{"href":"https:\/\/partyinabox.dk\/party\/wp-json\/wp\/v2\/product\/54366","targetHints":{"allow":["GET"]}}],"collection":[{"href":"https:\/\/partyinabox.dk\/party\/wp-json\/wp\/v2\/product"}],"about":[{"href":"https:\/\/partyinabox.dk\/party\/wp-json\/wp\/v2\/types\/product"}],"wp:featuredmedia":[{"embeddable":true,"href":"https:\/\/partyinabox.dk\/party\/wp-json\/wp\/v2\/media\/54367"}],"wp:attachment":[{"href":"https:\/\/partyinabox.dk\/party\/wp-json\/wp\/v2\/media?parent=54366"}],"wp:term":[{"taxonomy":"product_brand","embeddable":true,"href":"https:\/\/partyinabox.dk\/party\/wp-json\/wp\/v2\/product_brand?post=54366"},{"taxonomy":"product_cat","embeddable":true,"href":"https:\/\/partyinabox.dk\/party\/wp-json\/wp\/v2\/product_cat?post=54366"},{"taxonomy":"product_tag","embeddable":true,"href":"https:\/\/partyinabox.dk\/party\/wp-json\/wp\/v2\/product_tag?post=54366"}],"curies":[{"name":"wp","href":"https:\/\/api.w.org\/{rel}","templated":true}]}}