{"id":54182,"date":"2024-02-14T00:00:00","date_gmt":"2024-02-13T23:00:00","guid":{"rendered":"https:\/\/partyinabox.dk\/party\/?post_type=product&#038;p=54182"},"modified":"2026-04-26T19:24:24","modified_gmt":"2026-04-26T17:24:24","slug":"harry-potter-paptallerkener","status":"publish","type":"product","link":"https:\/\/partyinabox.dk\/party\/vare\/harry-potter-paptallerkener\/","title":{"rendered":"Harry Potter\u00ae Paptallerkener"},"content":{"rendered":"<p>Forvandl din n\u00e6ste Harry Potter fest til en fortryllende begivenhed med disse flotte tallerkener! Inspireret af en verden fuld af magi, er disse tallerkener det perfekte valg til at servere l\u00e6kkerier p\u00e5 til f\u00f8dselsdagen. Hver pakke byder p\u00e5 8 smukt designede tallerkener, hver med en diameter p\u00e5 23 cm, ideelle til at imponere dine g\u00e6ster, uanset om det er en b\u00f8rnef\u00f8dselsdag eller en temafest. L\u00e6n dig tilbage og nyd festlighederne, mens disse tallerkener tilf\u00f8jer en gnist af magi til dit bord. <\/p>\n","protected":false},"excerpt":{"rendered":"<p>Forvandl din n\u00e6ste Harry Potter fest til en fortryllende begivenhed med disse flotte tallerkener! Inspireret af en verden fuld af magi, er disse tallerkener det perfekte valg til at servere l\u00e6kkerier p\u00e5 til f\u00f8dselsdagen. Hver pakke byder p\u00e5 8 smukt [&hellip;]<\/p>\n","protected":false},"featured_media":54183,"template":"","meta":{"_acf_changed":false},"product_brand":[],"product_cat":[32],"product_tag":[],"class_list":{"0":"post-54182","1":"product","2":"type-product","3":"status-publish","4":"has-post-thumbnail","6":"product_cat-service","7":"pa_item-color-groen","8":"pa_item-color-gul","9":"pa_item-color-roed","10":"pa_item-color-blaa","11":"pa_item-group-bordservice","12":"pa_item-subgroup-tallerkner","13":"pa_pakken-indeholder-8-stk-paptallerkener","14":"pa_tema_tax-tv-series-movies","15":"pa_under-tema-harry-potter","17":"first","18":"instock","19":"taxable","20":"shipping-taxable","21":"purchasable","22":"product-type-simple"},"bundled_by":[],"bundle_stock_status":"instock","bundle_stock_quantity":16,"bundle_virtual":false,"bundle_layout":"","bundle_add_to_cart_form_location":"","bundle_editable_in_cart":false,"bundle_sold_individually_context":"","bundle_item_grouping":"","bundle_min_size":"","bundle_max_size":"","bundle_price":[],"bundled_items":[],"bundle_sell_ids":[],"acf":[],"tiered_pricing_type":"fixed","tiered_pricing_fixed_rules":[],"tiered_pricing_product_settings":{"layout":"default","base_unit_name":{"singular":null,"plural":null},"default_variation":null},"tiered_pricing_minimum_quantity":null,"tiered_pricing_roles_data":[],"tiered_pricing_percentage_rules":[],"tiered_pricing_maximum_quantity":null,"tiered_pricing_quantity_step":null,"_links":{"self":[{"href":"https:\/\/partyinabox.dk\/party\/wp-json\/wp\/v2\/product\/54182","targetHints":{"allow":["GET"]}}],"collection":[{"href":"https:\/\/partyinabox.dk\/party\/wp-json\/wp\/v2\/product"}],"about":[{"href":"https:\/\/partyinabox.dk\/party\/wp-json\/wp\/v2\/types\/product"}],"wp:featuredmedia":[{"embeddable":true,"href":"https:\/\/partyinabox.dk\/party\/wp-json\/wp\/v2\/media\/54183"}],"wp:attachment":[{"href":"https:\/\/partyinabox.dk\/party\/wp-json\/wp\/v2\/media?parent=54182"}],"wp:term":[{"taxonomy":"product_brand","embeddable":true,"href":"https:\/\/partyinabox.dk\/party\/wp-json\/wp\/v2\/product_brand?post=54182"},{"taxonomy":"product_cat","embeddable":true,"href":"https:\/\/partyinabox.dk\/party\/wp-json\/wp\/v2\/product_cat?post=54182"},{"taxonomy":"product_tag","embeddable":true,"href":"https:\/\/partyinabox.dk\/party\/wp-json\/wp\/v2\/product_tag?post=54182"}],"curies":[{"name":"wp","href":"https:\/\/api.w.org\/{rel}","templated":true}]}}