{"id":54155,"date":"2024-02-14T00:00:00","date_gmt":"2024-02-13T23:00:00","guid":{"rendered":"https:\/\/partyinabox.dk\/party\/?post_type=product&#038;p=54155"},"modified":"2026-04-18T18:19:16","modified_gmt":"2026-04-18T16:19:16","slug":"sneugle-paptallerkener","status":"publish","type":"product","link":"https:\/\/partyinabox.dk\/party\/vare\/sneugle-paptallerkener\/","title":{"rendered":"Sneugle Paptallerkener"},"content":{"rendered":"<p>Skab en \u00e6gte HP fest med disse sneugle tallerkner i pap p\u00e5 bordet. Perfekte til b\u00e5de b\u00f8rnef\u00f8dselsdage og temafester, hvor magi og fantasi m\u00f8des. Forestil dig g\u00e6sternes begejstring, n\u00e5r de opdager de fine detaljer p\u00e5 denne Hedvig paptallerken.<\/p>\n<p>Hver pakke indeholder otte tallerkener, ideelle til kage, snacks eller en let frokost. De m\u00e5ler 32 cm i bredden og 8 cm i h\u00f8jden, hvilket giver rigelig plads til festlighederne. Disse tallerkener er ikke kun et hit for de sm\u00e5, men ogs\u00e5 en nostalgisk hyldest til de voksne fans. Lad os bringe lidt magi ind i din n\u00e6ste fest!<\/p>\n","protected":false},"excerpt":{"rendered":"<p>Skab en \u00e6gte HP fest med disse sneugle tallerkner i pap p\u00e5 bordet. Perfekte til b\u00e5de b\u00f8rnef\u00f8dselsdage og temafester, hvor magi og fantasi m\u00f8des. Forestil dig g\u00e6sternes begejstring, n\u00e5r de opdager de fine detaljer p\u00e5 denne Hedvig paptallerken. Hver pakke [&hellip;]<\/p>\n","protected":false},"featured_media":54156,"template":"","meta":{"_acf_changed":false},"product_brand":[],"product_cat":[32],"product_tag":[],"class_list":{"0":"post-54155","1":"product","2":"type-product","3":"status-publish","4":"has-post-thumbnail","6":"product_cat-service","7":"pa_item-color-guld","8":"pa_item-color-hvid","9":"pa_item-group-bordservice","10":"pa_item-subgroup-tallerkner","11":"pa_pakken-indeholder-8-stk-paptallerkener","12":"pa_tema_tax-tv-series-movies","13":"pa_under-tema-harry-potter","15":"first","16":"instock","17":"taxable","18":"shipping-taxable","19":"purchasable","20":"product-type-simple"},"bundled_by":[],"bundle_stock_status":"instock","bundle_stock_quantity":16,"bundle_virtual":false,"bundle_layout":"","bundle_add_to_cart_form_location":"","bundle_editable_in_cart":false,"bundle_sold_individually_context":"","bundle_item_grouping":"","bundle_min_size":"","bundle_max_size":"","bundle_price":[],"bundled_items":[],"bundle_sell_ids":[],"acf":[],"tiered_pricing_type":"fixed","tiered_pricing_fixed_rules":[],"tiered_pricing_product_settings":{"layout":"default","base_unit_name":{"singular":null,"plural":null},"default_variation":null},"tiered_pricing_minimum_quantity":null,"tiered_pricing_roles_data":[],"tiered_pricing_percentage_rules":[],"tiered_pricing_maximum_quantity":null,"tiered_pricing_quantity_step":null,"_links":{"self":[{"href":"https:\/\/partyinabox.dk\/party\/wp-json\/wp\/v2\/product\/54155","targetHints":{"allow":["GET"]}}],"collection":[{"href":"https:\/\/partyinabox.dk\/party\/wp-json\/wp\/v2\/product"}],"about":[{"href":"https:\/\/partyinabox.dk\/party\/wp-json\/wp\/v2\/types\/product"}],"wp:featuredmedia":[{"embeddable":true,"href":"https:\/\/partyinabox.dk\/party\/wp-json\/wp\/v2\/media\/54156"}],"wp:attachment":[{"href":"https:\/\/partyinabox.dk\/party\/wp-json\/wp\/v2\/media?parent=54155"}],"wp:term":[{"taxonomy":"product_brand","embeddable":true,"href":"https:\/\/partyinabox.dk\/party\/wp-json\/wp\/v2\/product_brand?post=54155"},{"taxonomy":"product_cat","embeddable":true,"href":"https:\/\/partyinabox.dk\/party\/wp-json\/wp\/v2\/product_cat?post=54155"},{"taxonomy":"product_tag","embeddable":true,"href":"https:\/\/partyinabox.dk\/party\/wp-json\/wp\/v2\/product_tag?post=54155"}],"curies":[{"name":"wp","href":"https:\/\/api.w.org\/{rel}","templated":true}]}}