{"id":54068,"date":"2024-01-25T00:00:00","date_gmt":"2024-01-24T23:00:00","guid":{"rendered":"https:\/\/partyinabox.dk\/party\/?post_type=product&#038;p=54068"},"modified":"2026-03-23T06:59:06","modified_gmt":"2026-03-23T05:59:06","slug":"disney-prinsesser-happy-birthday-guirlande","status":"publish","type":"product","link":"https:\/\/partyinabox.dk\/party\/vare\/disney-prinsesser-happy-birthday-guirlande\/","title":{"rendered":"Disney\u00ae Prinsesser Happy Birthday Guirlande"},"content":{"rendered":"<p>Dekorer nemt op din lille prinsesses f\u00f8dselsdag med denne flotte f\u00f8dselsdagsguirlande, inspireret af de elskede Disney-prinsesser. Denne guirlande er prydet med en smuk lyser\u00f8d &#8220;Happy Birthday&#8221; tekst og charmerende motiver af kendte prinsesser som Ariel, Belle, Rapunzel og Snehvide. Forestil dig gl\u00e6den i din lille prinsesses \u00f8jne, n\u00e5r hun ser hendes favoritprinsesser fejre denne s\u00e6rlige dag sammen med hende. Nem at h\u00e6nge op og sikker p\u00e5 at tilf\u00f8re et magisk touch til festlokalet. <\/p>\n","protected":false},"excerpt":{"rendered":"<p>Dekorer nemt op din lille prinsesses f\u00f8dselsdag med denne flotte f\u00f8dselsdagsguirlande, inspireret af de elskede Disney-prinsesser. Denne guirlande er prydet med en smuk lyser\u00f8d &#8220;Happy Birthday&#8221; tekst og charmerende motiver af kendte prinsesser som Ariel, Belle, Rapunzel og Snehvide. Forestil [&hellip;]<\/p>\n","protected":false},"featured_media":54069,"template":"","meta":{"_acf_changed":false},"product_brand":[],"product_cat":[19],"product_tag":[],"class_list":{"0":"post-54068","1":"product","2":"type-product","3":"status-publish","4":"has-post-thumbnail","6":"product_cat-pynt","7":"pa_item-color-lyseroed","8":"pa_item-group-loftsdekoration","9":"pa_item-subgroup-guirlander","10":"pa_pakken-indeholder-bogstavguirlande","11":"pa_tema_tax-disney","12":"pa_under-tema-disney-princess","14":"first","15":"instock","16":"taxable","17":"shipping-taxable","18":"purchasable","19":"product-type-simple"},"bundled_by":[],"bundle_stock_status":"instock","bundle_stock_quantity":16,"bundle_virtual":false,"bundle_layout":"","bundle_add_to_cart_form_location":"","bundle_editable_in_cart":false,"bundle_sold_individually_context":"","bundle_item_grouping":"","bundle_min_size":"","bundle_max_size":"","bundle_price":[],"bundled_items":[],"bundle_sell_ids":[],"acf":[],"tiered_pricing_type":"fixed","tiered_pricing_fixed_rules":[],"tiered_pricing_product_settings":{"layout":"default","base_unit_name":{"singular":null,"plural":null},"default_variation":null},"tiered_pricing_minimum_quantity":null,"tiered_pricing_roles_data":[],"tiered_pricing_percentage_rules":[],"tiered_pricing_maximum_quantity":null,"tiered_pricing_quantity_step":null,"_links":{"self":[{"href":"https:\/\/partyinabox.dk\/party\/wp-json\/wp\/v2\/product\/54068","targetHints":{"allow":["GET"]}}],"collection":[{"href":"https:\/\/partyinabox.dk\/party\/wp-json\/wp\/v2\/product"}],"about":[{"href":"https:\/\/partyinabox.dk\/party\/wp-json\/wp\/v2\/types\/product"}],"wp:featuredmedia":[{"embeddable":true,"href":"https:\/\/partyinabox.dk\/party\/wp-json\/wp\/v2\/media\/54069"}],"wp:attachment":[{"href":"https:\/\/partyinabox.dk\/party\/wp-json\/wp\/v2\/media?parent=54068"}],"wp:term":[{"taxonomy":"product_brand","embeddable":true,"href":"https:\/\/partyinabox.dk\/party\/wp-json\/wp\/v2\/product_brand?post=54068"},{"taxonomy":"product_cat","embeddable":true,"href":"https:\/\/partyinabox.dk\/party\/wp-json\/wp\/v2\/product_cat?post=54068"},{"taxonomy":"product_tag","embeddable":true,"href":"https:\/\/partyinabox.dk\/party\/wp-json\/wp\/v2\/product_tag?post=54068"}],"curies":[{"name":"wp","href":"https:\/\/api.w.org\/{rel}","templated":true}]}}