{"id":54041,"date":"2024-01-03T20:11:16","date_gmt":"2024-01-03T19:11:16","guid":{"rendered":"https:\/\/partyinabox.dk\/party\/?post_type=product&#038;p=54041"},"modified":"2026-05-02T07:27:07","modified_gmt":"2026-05-02T05:27:07","slug":"t-rex-dinosaur-servietter","status":"publish","type":"product","link":"https:\/\/partyinabox.dk\/party\/vare\/t-rex-dinosaur-servietter\/","title":{"rendered":"T-Rex Dinosaur Servietter"},"content":{"rendered":"<p>Forvandl din n\u00e6ste b\u00f8rnef\u00f8dselsdag til en \u00e6gte juratids oplevelse med disse sp\u00e6ndende dinosaur-servietter! Hver pakke indeholder 20 stk. papirservietter, der m\u00e5ler 33 x 33 cm udfoldet. Disse servietter er prydet med en frygtindgydende T-Rex, der bringer en f\u00f8lelse af eventyr og sp\u00e6nding til ethvert bord. De er ideelle til at t\u00f8rre sm\u00e5 fingre og mundvige efter en l\u00e6kker f\u00f8dselsdagsfest. Kombiner dem med andet T-Rex tema pynt for at skabe en fuldst\u00e6ndig dinosaur-fest!<\/p>\n","protected":false},"excerpt":{"rendered":"<p>Forvandl din n\u00e6ste b\u00f8rnef\u00f8dselsdag til en \u00e6gte juratids oplevelse med disse sp\u00e6ndende dinosaur-servietter! Hver pakke indeholder 20 stk. papirservietter, der m\u00e5ler 33 x 33 cm udfoldet. Disse servietter er prydet med en frygtindgydende T-Rex, der bringer en f\u00f8lelse af eventyr [&hellip;]<\/p>\n","protected":false},"featured_media":54042,"template":"","meta":{"_acf_changed":false},"product_brand":[],"product_cat":[32],"product_tag":[],"class_list":{"0":"post-54041","1":"product","2":"type-product","3":"status-publish","4":"has-post-thumbnail","6":"product_cat-service","7":"pa_item-color-groen","8":"pa_item-color-multi","9":"pa_item-group-bordservice","10":"pa_item-subgroup-servietter","11":"pa_pakken-indeholder-20-stk-frokostservietter-33-x-33-cm","12":"pa_tema_tax-animals","13":"pa_under-tema-dinosaur","15":"first","16":"instock","17":"taxable","18":"shipping-taxable","19":"purchasable","20":"product-type-simple"},"bundled_by":[],"bundle_stock_status":"instock","bundle_stock_quantity":37,"bundle_virtual":false,"bundle_layout":"","bundle_add_to_cart_form_location":"","bundle_editable_in_cart":false,"bundle_sold_individually_context":"","bundle_item_grouping":"","bundle_min_size":"","bundle_max_size":"","bundle_price":[],"bundled_items":[],"bundle_sell_ids":[],"acf":[],"tiered_pricing_type":"fixed","tiered_pricing_fixed_rules":[],"tiered_pricing_product_settings":{"layout":"default","base_unit_name":{"singular":null,"plural":null},"default_variation":null},"tiered_pricing_minimum_quantity":null,"tiered_pricing_roles_data":[],"tiered_pricing_percentage_rules":[],"tiered_pricing_maximum_quantity":null,"tiered_pricing_quantity_step":null,"_links":{"self":[{"href":"https:\/\/partyinabox.dk\/party\/wp-json\/wp\/v2\/product\/54041","targetHints":{"allow":["GET"]}}],"collection":[{"href":"https:\/\/partyinabox.dk\/party\/wp-json\/wp\/v2\/product"}],"about":[{"href":"https:\/\/partyinabox.dk\/party\/wp-json\/wp\/v2\/types\/product"}],"wp:featuredmedia":[{"embeddable":true,"href":"https:\/\/partyinabox.dk\/party\/wp-json\/wp\/v2\/media\/54042"}],"wp:attachment":[{"href":"https:\/\/partyinabox.dk\/party\/wp-json\/wp\/v2\/media?parent=54041"}],"wp:term":[{"taxonomy":"product_brand","embeddable":true,"href":"https:\/\/partyinabox.dk\/party\/wp-json\/wp\/v2\/product_brand?post=54041"},{"taxonomy":"product_cat","embeddable":true,"href":"https:\/\/partyinabox.dk\/party\/wp-json\/wp\/v2\/product_cat?post=54041"},{"taxonomy":"product_tag","embeddable":true,"href":"https:\/\/partyinabox.dk\/party\/wp-json\/wp\/v2\/product_tag?post=54041"}],"curies":[{"name":"wp","href":"https:\/\/api.w.org\/{rel}","templated":true}]}}