{"id":52979,"date":"2023-12-11T10:08:10","date_gmt":"2023-12-11T09:08:10","guid":{"rendered":"https:\/\/partyinabox.dk\/party\/?post_type=product&#038;p=52979"},"modified":"2026-04-16T14:32:02","modified_gmt":"2026-04-16T12:32:02","slug":"konfetti-kraemmerhuse-holder-saet","status":"publish","type":"product","link":"https:\/\/partyinabox.dk\/party\/vare\/konfetti-kraemmerhuse-holder-saet\/","title":{"rendered":"Konfetti kr\u00e6mmerhuse + holder s\u00e6t"},"content":{"rendered":"<p>G\u00f8r det hyggeligt og nemt for familie og venner at kaste k\u00e6rlighed og konfetti ud over brudeparret til deres bryllup med dette kr\u00e6mmerhuse s\u00e6t. S\u00e6ttet best\u00e5r af 16 stk. hvide kr\u00e6mmerhuse med guld skriften &#8220;Best day ever&#8221; og en hvid holder i pap til at s\u00e6tte kr\u00e6mmerhusene i. Holderen har en fin guld skrift med teksten &#8220;Share love&#8221; p\u00e5 siden. Brug s\u00e6ttet til konfetti, rosenblade eller m\u00e5ske popcorn p\u00e5 den store dag.<\/p>\n<p><strong>HUSK<\/strong> at k\u00f8be fyld til kr\u00e6mmerhusene. Dette medf\u00f8lger nemlig ikke.<\/p>\n<p><strong>OBS:<\/strong> Kr\u00e6mmerhuseholderen og kr\u00e6mmerhusene skal samles.<\/p>\n<p>Indhold: 16 stk. kr\u00e6mmerhuse + en holder i pap \/ M\u00e5l, kr\u00e6mmerhuse: 16 cm<\/p>\n","protected":false},"excerpt":{"rendered":"<p>G\u00f8r det hyggeligt og nemt for familie og venner at kaste k\u00e6rlighed og konfetti ud over brudeparret til deres bryllup med dette kr\u00e6mmerhuse s\u00e6t. S\u00e6ttet best\u00e5r af 16 stk. hvide kr\u00e6mmerhuse med guld skriften &#8220;Best day ever&#8221; og en hvid [&hellip;]<\/p>\n","protected":false},"featured_media":52980,"template":"","meta":{"_acf_changed":false},"product_brand":[],"product_cat":[34],"product_tag":[],"class_list":{"0":"post-52979","1":"product","2":"type-product","3":"status-publish","4":"has-post-thumbnail","6":"product_cat-accessories","8":"first","9":"instock","10":"taxable","11":"shipping-taxable","12":"purchasable","13":"product-type-simple"},"bundled_by":[],"bundle_stock_status":"instock","bundle_stock_quantity":11,"bundle_virtual":false,"bundle_layout":"","bundle_add_to_cart_form_location":"","bundle_editable_in_cart":false,"bundle_sold_individually_context":"","bundle_item_grouping":"","bundle_min_size":"","bundle_max_size":"","bundle_price":[],"bundled_items":[],"bundle_sell_ids":[],"acf":[],"tiered_pricing_type":"fixed","tiered_pricing_fixed_rules":[],"tiered_pricing_product_settings":{"layout":"default","base_unit_name":{"singular":null,"plural":null},"default_variation":null},"tiered_pricing_minimum_quantity":null,"tiered_pricing_roles_data":[],"tiered_pricing_percentage_rules":[],"tiered_pricing_maximum_quantity":null,"tiered_pricing_quantity_step":null,"_links":{"self":[{"href":"https:\/\/partyinabox.dk\/party\/wp-json\/wp\/v2\/product\/52979","targetHints":{"allow":["GET"]}}],"collection":[{"href":"https:\/\/partyinabox.dk\/party\/wp-json\/wp\/v2\/product"}],"about":[{"href":"https:\/\/partyinabox.dk\/party\/wp-json\/wp\/v2\/types\/product"}],"wp:featuredmedia":[{"embeddable":true,"href":"https:\/\/partyinabox.dk\/party\/wp-json\/wp\/v2\/media\/52980"}],"wp:attachment":[{"href":"https:\/\/partyinabox.dk\/party\/wp-json\/wp\/v2\/media?parent=52979"}],"wp:term":[{"taxonomy":"product_brand","embeddable":true,"href":"https:\/\/partyinabox.dk\/party\/wp-json\/wp\/v2\/product_brand?post=52979"},{"taxonomy":"product_cat","embeddable":true,"href":"https:\/\/partyinabox.dk\/party\/wp-json\/wp\/v2\/product_cat?post=52979"},{"taxonomy":"product_tag","embeddable":true,"href":"https:\/\/partyinabox.dk\/party\/wp-json\/wp\/v2\/product_tag?post=52979"}],"curies":[{"name":"wp","href":"https:\/\/api.w.org\/{rel}","templated":true}]}}