{"id":52080,"date":"2024-12-06T00:00:00","date_gmt":"2024-12-05T23:00:00","guid":{"rendered":"https:\/\/partyinabox.dk\/party\/?post_type=product&#038;p=52080"},"modified":"2026-04-07T18:47:40","modified_gmt":"2026-04-07T16:47:40","slug":"nytaars-photo-props","status":"publish","type":"product","link":"https:\/\/partyinabox.dk\/party\/vare\/nytaars-photo-props\/","title":{"rendered":"Nyt\u00e5rs photo props"},"content":{"rendered":"<p>Tag de sjoveste billeder \/ selfies til din nyt\u00e5rs fest med dette photo prop s\u00e6t med hele 9 dele. S\u00e6ttet har en masse sjove props. som f.eks. butterfly, oversk\u00e6g,\u00a0 et t\u00e6t p\u00e5 12 ur, cocktailglas og champagne.<\/p>\n<p>Indhold: 9 stk. \/ M\u00e5l: mellem 13 x 5,5 &#8211; 29 x 9,5 cm<\/p>\n","protected":false},"excerpt":{"rendered":"<p>Tag de sjoveste billeder \/ selfies til din nyt\u00e5rs fest med dette photo prop s\u00e6t med hele 9 dele. S\u00e6ttet har en masse sjove props. som f.eks. butterfly, oversk\u00e6g,\u00a0 et t\u00e6t p\u00e5 12 ur, cocktailglas og champagne. Indhold: 9 stk. [&hellip;]<\/p>\n","protected":false},"featured_media":52060,"template":"","meta":{"_acf_changed":false},"product_brand":[],"product_cat":[34],"product_tag":[],"class_list":{"0":"post-52080","1":"product","2":"type-product","3":"status-publish","4":"has-post-thumbnail","6":"product_cat-accessories","8":"first","9":"instock","10":"taxable","11":"shipping-taxable","12":"purchasable","13":"product-type-simple"},"bundled_by":[],"bundle_stock_status":"instock","bundle_stock_quantity":10,"bundle_virtual":false,"bundle_layout":"","bundle_add_to_cart_form_location":"","bundle_editable_in_cart":false,"bundle_sold_individually_context":"","bundle_item_grouping":"","bundle_min_size":"","bundle_max_size":"","bundle_price":[],"bundled_items":[],"bundle_sell_ids":[],"acf":[],"tiered_pricing_type":"fixed","tiered_pricing_fixed_rules":[],"tiered_pricing_product_settings":{"layout":"default","base_unit_name":{"singular":null,"plural":null},"default_variation":null},"tiered_pricing_minimum_quantity":null,"tiered_pricing_roles_data":[],"tiered_pricing_percentage_rules":[],"tiered_pricing_maximum_quantity":null,"tiered_pricing_quantity_step":null,"_links":{"self":[{"href":"https:\/\/partyinabox.dk\/party\/wp-json\/wp\/v2\/product\/52080","targetHints":{"allow":["GET"]}}],"collection":[{"href":"https:\/\/partyinabox.dk\/party\/wp-json\/wp\/v2\/product"}],"about":[{"href":"https:\/\/partyinabox.dk\/party\/wp-json\/wp\/v2\/types\/product"}],"wp:featuredmedia":[{"embeddable":true,"href":"https:\/\/partyinabox.dk\/party\/wp-json\/wp\/v2\/media\/52060"}],"wp:attachment":[{"href":"https:\/\/partyinabox.dk\/party\/wp-json\/wp\/v2\/media?parent=52080"}],"wp:term":[{"taxonomy":"product_brand","embeddable":true,"href":"https:\/\/partyinabox.dk\/party\/wp-json\/wp\/v2\/product_brand?post=52080"},{"taxonomy":"product_cat","embeddable":true,"href":"https:\/\/partyinabox.dk\/party\/wp-json\/wp\/v2\/product_cat?post=52080"},{"taxonomy":"product_tag","embeddable":true,"href":"https:\/\/partyinabox.dk\/party\/wp-json\/wp\/v2\/product_tag?post=52080"}],"curies":[{"name":"wp","href":"https:\/\/api.w.org\/{rel}","templated":true}]}}