{"id":52053,"date":"2024-12-06T00:00:00","date_gmt":"2024-12-05T23:00:00","guid":{"rendered":"https:\/\/partyinabox.dk\/party\/?post_type=product&#038;p=52053"},"modified":"2026-03-17T14:17:13","modified_gmt":"2026-03-17T13:17:13","slug":"soelv-folie-ballon-happy-new-year","status":"publish","type":"product","link":"https:\/\/partyinabox.dk\/party\/vare\/soelv-folie-ballon-happy-new-year\/","title":{"rendered":"S\u00f8lv folie ballon &#8220;Happy New Year&#8221;"},"content":{"rendered":"<p>Pynt flot op til nyt\u00e5r med dette \u201cHappy New Year\u201d folie ballon s\u00e6t i s\u00f8lv. Fyld ballonerne med almindelig luft vha. et suger\u00f8r eller en ballonpumpe, og h\u00e6ng dem op. Du kan enten tr\u00e6kke dem p\u00e5 den medf\u00f8lgende fiskesn\u00f8re og h\u00e6nge dem fra kroge, eller s\u00e6tte dem p\u00e5 f.eks. v\u00e6ggen med ballon lim dutter.<\/p>\n<p><strong>OBS:<\/strong>\u00a0skal\/kan\u00a0<strong>IKKE<\/strong>\u00a0bruge helium!<\/p>\n<p>Indhold: 1 s\u00e6t (12 bogstaver) \/ 370 x 35 cm (L x H)<\/p>\n","protected":false},"excerpt":{"rendered":"<p>Pynt flot op til nyt\u00e5r med dette \u201cHappy New Year\u201d folie ballon s\u00e6t i s\u00f8lv. Fyld ballonerne med almindelig luft vha. et suger\u00f8r eller en ballonpumpe, og h\u00e6ng dem op. Du kan enten tr\u00e6kke dem p\u00e5 den medf\u00f8lgende fiskesn\u00f8re og [&hellip;]<\/p>\n","protected":false},"featured_media":76204,"template":"","meta":{"_acf_changed":false},"product_brand":[],"product_cat":[60],"product_tag":[],"class_list":{"0":"post-52053","1":"product","2":"type-product","3":"status-publish","4":"has-post-thumbnail","6":"product_cat-folie-bogstaver","8":"first","9":"instock","10":"taxable","11":"shipping-taxable","12":"purchasable","13":"product-type-simple"},"bundled_by":[],"bundle_stock_status":"instock","bundle_stock_quantity":23,"bundle_virtual":false,"bundle_layout":"","bundle_add_to_cart_form_location":"","bundle_editable_in_cart":false,"bundle_sold_individually_context":"","bundle_item_grouping":"","bundle_min_size":"","bundle_max_size":"","bundle_price":[],"bundled_items":[],"bundle_sell_ids":[],"acf":[],"tiered_pricing_type":"fixed","tiered_pricing_fixed_rules":[],"tiered_pricing_product_settings":{"layout":"default","base_unit_name":{"singular":null,"plural":null},"default_variation":null},"tiered_pricing_minimum_quantity":null,"tiered_pricing_roles_data":[],"tiered_pricing_percentage_rules":[],"tiered_pricing_maximum_quantity":null,"tiered_pricing_quantity_step":null,"_links":{"self":[{"href":"https:\/\/partyinabox.dk\/party\/wp-json\/wp\/v2\/product\/52053","targetHints":{"allow":["GET"]}}],"collection":[{"href":"https:\/\/partyinabox.dk\/party\/wp-json\/wp\/v2\/product"}],"about":[{"href":"https:\/\/partyinabox.dk\/party\/wp-json\/wp\/v2\/types\/product"}],"wp:featuredmedia":[{"embeddable":true,"href":"https:\/\/partyinabox.dk\/party\/wp-json\/wp\/v2\/media\/76204"}],"wp:attachment":[{"href":"https:\/\/partyinabox.dk\/party\/wp-json\/wp\/v2\/media?parent=52053"}],"wp:term":[{"taxonomy":"product_brand","embeddable":true,"href":"https:\/\/partyinabox.dk\/party\/wp-json\/wp\/v2\/product_brand?post=52053"},{"taxonomy":"product_cat","embeddable":true,"href":"https:\/\/partyinabox.dk\/party\/wp-json\/wp\/v2\/product_cat?post=52053"},{"taxonomy":"product_tag","embeddable":true,"href":"https:\/\/partyinabox.dk\/party\/wp-json\/wp\/v2\/product_tag?post=52053"}],"curies":[{"name":"wp","href":"https:\/\/api.w.org\/{rel}","templated":true}]}}