{"id":51302,"date":"2025-01-06T00:00:00","date_gmt":"2025-01-05T23:00:00","guid":{"rendered":"https:\/\/partyinabox.dk\/party\/?post_type=product&#038;p=51302"},"modified":"2026-04-24T03:33:40","modified_gmt":"2026-04-24T01:33:40","slug":"blomsterholder-af-trae-lille","status":"publish","type":"product","link":"https:\/\/partyinabox.dk\/party\/vare\/blomsterholder-af-trae-lille\/","title":{"rendered":"Blomsterholder af tr\u00e6 (lille)"},"content":{"rendered":"<p>T\u00f8rrede blomster, grene, gr\u00e6s og korn er meget popul\u00e6rt p\u00e5 bordet til enhver festlig lejlighed, og med denne blomsterholder i tr\u00e6 kan du nemt skabe en lille buket af t\u00f8rrede blomster til at stille p\u00e5 bordet. Den rustikke tr\u00e6skive har 6 sm\u00e5 huller, som du nemt kan stikke t\u00f8rrede blomster og grene i. P\u00e5 den m\u00e5de skaber du en lille buket, som kan st\u00e5 selv med tr\u00e6skiven som fod. Brug denne unikke vase p\u00e5 bordet til konfirmation, bryllup, barned\u00e5b eller sommerfest, og kombiner den med andre natur elementer som f.eks. tr\u00e6, blad ranker eller bloklys.<\/p>\n<p>Indhold: 1 stk. \/ M\u00e5l: 4 x 10 cm (H x \u00d8)<\/p>\n","protected":false},"excerpt":{"rendered":"<p>T\u00f8rrede blomster, grene, gr\u00e6s og korn er meget popul\u00e6rt p\u00e5 bordet til enhver festlig lejlighed, og med denne blomsterholder i tr\u00e6 kan du nemt skabe en lille buket af t\u00f8rrede blomster til at stille p\u00e5 bordet. Den rustikke tr\u00e6skive har [&hellip;]<\/p>\n","protected":false},"featured_media":51303,"template":"","meta":{"_acf_changed":false},"product_brand":[],"product_cat":[32],"product_tag":[],"class_list":{"0":"post-51302","1":"product","2":"type-product","3":"status-publish","4":"has-post-thumbnail","6":"product_cat-service","8":"first","9":"outofstock","10":"taxable","11":"shipping-taxable","12":"purchasable","13":"product-type-simple"},"bundled_by":[],"bundle_stock_status":"outofstock","bundle_stock_quantity":0,"bundle_virtual":false,"bundle_layout":"","bundle_add_to_cart_form_location":"","bundle_editable_in_cart":false,"bundle_sold_individually_context":"","bundle_item_grouping":"","bundle_min_size":"","bundle_max_size":"","bundle_price":[],"bundled_items":[],"bundle_sell_ids":[],"acf":[],"tiered_pricing_type":"fixed","tiered_pricing_fixed_rules":[],"tiered_pricing_product_settings":{"layout":"default","base_unit_name":{"singular":null,"plural":null},"default_variation":null},"tiered_pricing_minimum_quantity":null,"tiered_pricing_roles_data":[],"tiered_pricing_percentage_rules":[],"tiered_pricing_maximum_quantity":null,"tiered_pricing_quantity_step":null,"_links":{"self":[{"href":"https:\/\/partyinabox.dk\/party\/wp-json\/wp\/v2\/product\/51302","targetHints":{"allow":["GET"]}}],"collection":[{"href":"https:\/\/partyinabox.dk\/party\/wp-json\/wp\/v2\/product"}],"about":[{"href":"https:\/\/partyinabox.dk\/party\/wp-json\/wp\/v2\/types\/product"}],"wp:featuredmedia":[{"embeddable":true,"href":"https:\/\/partyinabox.dk\/party\/wp-json\/wp\/v2\/media\/51303"}],"wp:attachment":[{"href":"https:\/\/partyinabox.dk\/party\/wp-json\/wp\/v2\/media?parent=51302"}],"wp:term":[{"taxonomy":"product_brand","embeddable":true,"href":"https:\/\/partyinabox.dk\/party\/wp-json\/wp\/v2\/product_brand?post=51302"},{"taxonomy":"product_cat","embeddable":true,"href":"https:\/\/partyinabox.dk\/party\/wp-json\/wp\/v2\/product_cat?post=51302"},{"taxonomy":"product_tag","embeddable":true,"href":"https:\/\/partyinabox.dk\/party\/wp-json\/wp\/v2\/product_tag?post=51302"}],"curies":[{"name":"wp","href":"https:\/\/api.w.org\/{rel}","templated":true}]}}