{"id":50126,"date":"2023-09-27T09:29:14","date_gmt":"2023-09-27T07:29:14","guid":{"rendered":"https:\/\/partyinabox.dk\/party\/?post_type=product&#038;p=50126"},"modified":"2026-03-17T12:50:59","modified_gmt":"2026-03-17T11:50:59","slug":"graeskar-trick-or-treat-slikspand","status":"publish","type":"product","link":"https:\/\/partyinabox.dk\/party\/vare\/graeskar-trick-or-treat-slikspand\/","title":{"rendered":"Gr\u00e6skar \u201ctrick or treat\u201d slikspand"},"content":{"rendered":"<p>Send b\u00f8rnene ud p\u00e5 &#8220;trick or treat&#8221; \/ rasle tur til halloween med denne sjove slikspand formet som et gr\u00e6skar med h\u00e5ndtag. Slikspanden kan ogs\u00e5 bruges som dekoration eller snack sk\u00e5l til din halloween fest.<\/p>\n<p>Indhold: 1 stk. \/ M\u00e5l: 14 x 18 cm<\/p>\n","protected":false},"excerpt":{"rendered":"<p>Send b\u00f8rnene ud p\u00e5 &#8220;trick or treat&#8221; \/ rasle tur til halloween med denne sjove slikspand formet som et gr\u00e6skar med h\u00e5ndtag. Slikspanden kan ogs\u00e5 bruges som dekoration eller snack sk\u00e5l til din halloween fest. Indhold: 1 stk. \/ M\u00e5l: [&hellip;]<\/p>\n","protected":false},"featured_media":50128,"template":"","meta":{"_acf_changed":false},"product_brand":[],"product_cat":[34],"product_tag":[],"class_list":{"0":"post-50126","1":"product","2":"type-product","3":"status-publish","4":"has-post-thumbnail","6":"product_cat-accessories","8":"first","9":"instock","10":"taxable","11":"shipping-taxable","12":"purchasable","13":"product-type-simple"},"bundled_by":[],"bundle_stock_status":"instock","bundle_stock_quantity":499,"bundle_virtual":false,"bundle_layout":"","bundle_add_to_cart_form_location":"","bundle_editable_in_cart":false,"bundle_sold_individually_context":"","bundle_item_grouping":"","bundle_min_size":"","bundle_max_size":"","bundle_price":[],"bundled_items":[],"bundle_sell_ids":[],"acf":[],"tiered_pricing_type":"fixed","tiered_pricing_fixed_rules":[],"tiered_pricing_product_settings":{"layout":"default","base_unit_name":{"singular":null,"plural":null},"default_variation":null},"tiered_pricing_minimum_quantity":null,"tiered_pricing_roles_data":[],"tiered_pricing_percentage_rules":[],"tiered_pricing_maximum_quantity":null,"tiered_pricing_quantity_step":null,"_links":{"self":[{"href":"https:\/\/partyinabox.dk\/party\/wp-json\/wp\/v2\/product\/50126","targetHints":{"allow":["GET"]}}],"collection":[{"href":"https:\/\/partyinabox.dk\/party\/wp-json\/wp\/v2\/product"}],"about":[{"href":"https:\/\/partyinabox.dk\/party\/wp-json\/wp\/v2\/types\/product"}],"wp:featuredmedia":[{"embeddable":true,"href":"https:\/\/partyinabox.dk\/party\/wp-json\/wp\/v2\/media\/50128"}],"wp:attachment":[{"href":"https:\/\/partyinabox.dk\/party\/wp-json\/wp\/v2\/media?parent=50126"}],"wp:term":[{"taxonomy":"product_brand","embeddable":true,"href":"https:\/\/partyinabox.dk\/party\/wp-json\/wp\/v2\/product_brand?post=50126"},{"taxonomy":"product_cat","embeddable":true,"href":"https:\/\/partyinabox.dk\/party\/wp-json\/wp\/v2\/product_cat?post=50126"},{"taxonomy":"product_tag","embeddable":true,"href":"https:\/\/partyinabox.dk\/party\/wp-json\/wp\/v2\/product_tag?post=50126"}],"curies":[{"name":"wp","href":"https:\/\/api.w.org\/{rel}","templated":true}]}}