{"id":43456,"date":"2024-12-05T00:00:00","date_gmt":"2024-12-04T23:00:00","guid":{"rendered":"https:\/\/partyinabox.dk\/party\/?post_type=product&#038;p=43456"},"modified":"2026-04-05T17:05:25","modified_gmt":"2026-04-05T15:05:25","slug":"hvid-gaestebog-m-guld-love","status":"publish","type":"product","link":"https:\/\/partyinabox.dk\/party\/vare\/hvid-gaestebog-m-guld-love\/","title":{"rendered":"Hvid g\u00e6stebog m\/guld &#8220;Love&#8221;"},"content":{"rendered":"<p>Den mega flotte g\u00e6stebog er perfekt til dit bryllup eller konfirmation.<\/p>\n<p>Siderne er alle blanke, s\u00e5 dine g\u00e6ster kan skrive lige, hvad de har lyst til.<\/p>\n<p>Den er flot og enkel til at l\u00e6gge fremme, og kigge i efter festen.<\/p>\n<p>Indhold: 22 sider<\/p>\n<p>M\u00e5l: 24 x 18,5 cm.<\/p>\n","protected":false},"excerpt":{"rendered":"<p>Den mega flotte g\u00e6stebog er perfekt til dit bryllup eller konfirmation. Siderne er alle blanke, s\u00e5 dine g\u00e6ster kan skrive lige, hvad de har lyst til. Den er flot og enkel til at l\u00e6gge fremme, og kigge i efter festen. [&hellip;]<\/p>\n","protected":false},"featured_media":43457,"template":"","meta":{"_acf_changed":false},"product_brand":[],"product_cat":[34],"product_tag":[],"class_list":{"0":"post-43456","1":"product","2":"type-product","3":"status-publish","4":"has-post-thumbnail","6":"product_cat-accessories","8":"first","9":"instock","10":"taxable","11":"shipping-taxable","12":"purchasable","13":"product-type-simple"},"bundled_by":[],"bundle_stock_status":"instock","bundle_stock_quantity":16,"bundle_virtual":false,"bundle_layout":"","bundle_add_to_cart_form_location":"","bundle_editable_in_cart":false,"bundle_sold_individually_context":"","bundle_item_grouping":"","bundle_min_size":"","bundle_max_size":"","bundle_price":[],"bundled_items":[],"bundle_sell_ids":[],"acf":[],"tiered_pricing_type":"fixed","tiered_pricing_fixed_rules":[],"tiered_pricing_product_settings":{"layout":"default","base_unit_name":{"singular":null,"plural":null},"default_variation":null},"tiered_pricing_minimum_quantity":null,"tiered_pricing_roles_data":[],"tiered_pricing_percentage_rules":[],"tiered_pricing_maximum_quantity":null,"tiered_pricing_quantity_step":null,"_links":{"self":[{"href":"https:\/\/partyinabox.dk\/party\/wp-json\/wp\/v2\/product\/43456","targetHints":{"allow":["GET"]}}],"collection":[{"href":"https:\/\/partyinabox.dk\/party\/wp-json\/wp\/v2\/product"}],"about":[{"href":"https:\/\/partyinabox.dk\/party\/wp-json\/wp\/v2\/types\/product"}],"wp:featuredmedia":[{"embeddable":true,"href":"https:\/\/partyinabox.dk\/party\/wp-json\/wp\/v2\/media\/43457"}],"wp:attachment":[{"href":"https:\/\/partyinabox.dk\/party\/wp-json\/wp\/v2\/media?parent=43456"}],"wp:term":[{"taxonomy":"product_brand","embeddable":true,"href":"https:\/\/partyinabox.dk\/party\/wp-json\/wp\/v2\/product_brand?post=43456"},{"taxonomy":"product_cat","embeddable":true,"href":"https:\/\/partyinabox.dk\/party\/wp-json\/wp\/v2\/product_cat?post=43456"},{"taxonomy":"product_tag","embeddable":true,"href":"https:\/\/partyinabox.dk\/party\/wp-json\/wp\/v2\/product_tag?post=43456"}],"curies":[{"name":"wp","href":"https:\/\/api.w.org\/{rel}","templated":true}]}}