{"id":42684,"date":"2023-01-20T10:32:46","date_gmt":"2023-01-20T09:32:46","guid":{"rendered":"https:\/\/partyinabox.dk\/party\/?post_type=product&#038;p=42684"},"modified":"2026-04-13T22:37:00","modified_gmt":"2026-04-13T20:37:00","slug":"rosa-stjerne-banner-baby-shower","status":"publish","type":"product","link":"https:\/\/partyinabox.dk\/party\/vare\/rosa-stjerne-banner-baby-shower\/","title":{"rendered":"Rosa stjerne banner &#8220;Baby Shower&#8221;"},"content":{"rendered":"<p>Super fin banner med lyser\u00f8de stjerner, hvor der st\u00e5r udsk\u00e5ret Baby Shower. Helt perfekt til denne anledning. H\u00e6ng den p\u00e5 v\u00e6ggen, i loftet eller henover bordet. Vil ogs\u00e5 nemt kunne bruges som bordpynt. M\u00e5l: 3 meter. Stjernerne: 16,5 cm.<\/p>\n","protected":false},"excerpt":{"rendered":"<p>Super fin banner med lyser\u00f8de stjerner, hvor der st\u00e5r udsk\u00e5ret Baby Shower. Helt perfekt til denne anledning. H\u00e6ng den p\u00e5 v\u00e6ggen, i loftet eller henover bordet. Vil ogs\u00e5 nemt kunne bruges som bordpynt. M\u00e5l: 3 meter. Stjernerne: 16,5 cm.<\/p>\n","protected":false},"featured_media":42685,"template":"","meta":{"_acf_changed":false},"product_brand":[],"product_cat":[19,31],"product_tag":[],"class_list":{"0":"post-42684","1":"product","2":"type-product","3":"status-publish","4":"has-post-thumbnail","6":"product_cat-pynt","7":"product_cat-til-loftet","9":"first","10":"instock","11":"taxable","12":"shipping-taxable","13":"purchasable","14":"product-type-simple"},"bundled_by":[],"bundle_stock_status":"instock","bundle_stock_quantity":40,"bundle_virtual":false,"bundle_layout":"","bundle_add_to_cart_form_location":"","bundle_editable_in_cart":false,"bundle_sold_individually_context":"","bundle_item_grouping":"","bundle_min_size":"","bundle_max_size":"","bundle_price":[],"bundled_items":[],"bundle_sell_ids":[],"acf":[],"tiered_pricing_type":"fixed","tiered_pricing_fixed_rules":[],"tiered_pricing_product_settings":{"layout":"default","base_unit_name":{"singular":null,"plural":null},"default_variation":null},"tiered_pricing_minimum_quantity":null,"tiered_pricing_roles_data":[],"tiered_pricing_percentage_rules":[],"tiered_pricing_maximum_quantity":null,"tiered_pricing_quantity_step":null,"_links":{"self":[{"href":"https:\/\/partyinabox.dk\/party\/wp-json\/wp\/v2\/product\/42684","targetHints":{"allow":["GET"]}}],"collection":[{"href":"https:\/\/partyinabox.dk\/party\/wp-json\/wp\/v2\/product"}],"about":[{"href":"https:\/\/partyinabox.dk\/party\/wp-json\/wp\/v2\/types\/product"}],"wp:featuredmedia":[{"embeddable":true,"href":"https:\/\/partyinabox.dk\/party\/wp-json\/wp\/v2\/media\/42685"}],"wp:attachment":[{"href":"https:\/\/partyinabox.dk\/party\/wp-json\/wp\/v2\/media?parent=42684"}],"wp:term":[{"taxonomy":"product_brand","embeddable":true,"href":"https:\/\/partyinabox.dk\/party\/wp-json\/wp\/v2\/product_brand?post=42684"},{"taxonomy":"product_cat","embeddable":true,"href":"https:\/\/partyinabox.dk\/party\/wp-json\/wp\/v2\/product_cat?post=42684"},{"taxonomy":"product_tag","embeddable":true,"href":"https:\/\/partyinabox.dk\/party\/wp-json\/wp\/v2\/product_tag?post=42684"}],"curies":[{"name":"wp","href":"https:\/\/api.w.org\/{rel}","templated":true}]}}