{"id":40317,"date":"2026-01-13T00:00:00","date_gmt":"2026-01-12T23:00:00","guid":{"rendered":"https:\/\/partyinabox.dk\/party\/?post_type=product&#038;p=40317"},"modified":"2026-04-16T03:35:16","modified_gmt":"2026-04-16T01:35:16","slug":"roed-hvid-halstoerklaede-danmark","status":"publish","type":"product","link":"https:\/\/partyinabox.dk\/party\/vare\/roed-hvid-halstoerklaede-danmark\/","title":{"rendered":"R\u00f8d\/hvid halst\u00f8rkl\u00e6de &#8220;Danmark&#8221;"},"content":{"rendered":"<p>Ta&#8217; halst\u00f8rkl\u00e6det p\u00e5 og find din indre roligan frem &#8211; s\u00e5 er du helt klar til at heppe p\u00e5 Danmark. Om det er i VM, EM, OL eller til din egen fodboldfest, s\u00e5 er halst\u00f8rkl\u00e6det her et must-have. Den er lavet i strik og p\u00e5 midten st\u00e5r der Danmark, samt frynser i enderne. M\u00e5l: 16 x 145 cm.<\/p>\n","protected":false},"excerpt":{"rendered":"<p>Ta&#8217; halst\u00f8rkl\u00e6det p\u00e5 og find din indre roligan frem &#8211; s\u00e5 er du helt klar til at heppe p\u00e5 Danmark. Om det er i VM, EM, OL eller til din egen fodboldfest, s\u00e5 er halst\u00f8rkl\u00e6det her et must-have. Den er [&hellip;]<\/p>\n","protected":false},"featured_media":40764,"template":"","meta":{"_acf_changed":false},"product_brand":[],"product_cat":[34],"product_tag":[],"class_list":{"0":"post-40317","1":"product","2":"type-product","3":"status-publish","4":"has-post-thumbnail","6":"product_cat-accessories","8":"first","9":"instock","10":"taxable","11":"shipping-taxable","12":"purchasable","13":"product-type-simple"},"bundled_by":[],"bundle_stock_status":"instock","bundle_stock_quantity":2,"bundle_virtual":false,"bundle_layout":"","bundle_add_to_cart_form_location":"","bundle_editable_in_cart":false,"bundle_sold_individually_context":"","bundle_item_grouping":"","bundle_min_size":"","bundle_max_size":"","bundle_price":[],"bundled_items":[],"bundle_sell_ids":[],"acf":[],"tiered_pricing_type":"fixed","tiered_pricing_fixed_rules":[],"tiered_pricing_product_settings":{"layout":"default","base_unit_name":{"singular":null,"plural":null},"default_variation":null},"tiered_pricing_minimum_quantity":null,"tiered_pricing_roles_data":[],"tiered_pricing_percentage_rules":[],"tiered_pricing_maximum_quantity":null,"tiered_pricing_quantity_step":null,"_links":{"self":[{"href":"https:\/\/partyinabox.dk\/party\/wp-json\/wp\/v2\/product\/40317","targetHints":{"allow":["GET"]}}],"collection":[{"href":"https:\/\/partyinabox.dk\/party\/wp-json\/wp\/v2\/product"}],"about":[{"href":"https:\/\/partyinabox.dk\/party\/wp-json\/wp\/v2\/types\/product"}],"wp:featuredmedia":[{"embeddable":true,"href":"https:\/\/partyinabox.dk\/party\/wp-json\/wp\/v2\/media\/40764"}],"wp:attachment":[{"href":"https:\/\/partyinabox.dk\/party\/wp-json\/wp\/v2\/media?parent=40317"}],"wp:term":[{"taxonomy":"product_brand","embeddable":true,"href":"https:\/\/partyinabox.dk\/party\/wp-json\/wp\/v2\/product_brand?post=40317"},{"taxonomy":"product_cat","embeddable":true,"href":"https:\/\/partyinabox.dk\/party\/wp-json\/wp\/v2\/product_cat?post=40317"},{"taxonomy":"product_tag","embeddable":true,"href":"https:\/\/partyinabox.dk\/party\/wp-json\/wp\/v2\/product_tag?post=40317"}],"curies":[{"name":"wp","href":"https:\/\/api.w.org\/{rel}","templated":true}]}}