{"id":38479,"date":"2022-08-17T00:00:00","date_gmt":"2022-08-16T22:00:00","guid":{"rendered":"https:\/\/partyinabox.dk\/party\/?post_type=product&#038;p=38479"},"modified":"2026-04-24T19:11:10","modified_gmt":"2026-04-24T17:11:10","slug":"konfetti-m-and-sutteflaske-og-sut","status":"publish","type":"product","link":"https:\/\/partyinabox.dk\/party\/vare\/konfetti-m-and-sutteflaske-og-sut\/","title":{"rendered":"Konfetti m\/and, sutteflaske og sut"},"content":{"rendered":"<p>Konfetti bliver aldrig kedeligt. Mangler du det sidste til din barned\u00e5b eller Babyshower, s\u00e5 vil du nemt kunne bruge det her flotte konfetti til at give det ekstra til bordet. Det er et blandet mix af \u00e6nder, sutteflasker og sutter. Indhold: 14 gram.<\/p>\n","protected":false},"excerpt":{"rendered":"<p>Konfetti bliver aldrig kedeligt. Mangler du det sidste til din barned\u00e5b eller Babyshower, s\u00e5 vil du nemt kunne bruge det her flotte konfetti til at give det ekstra til bordet. Det er et blandet mix af \u00e6nder, sutteflasker og sutter. [&hellip;]<\/p>\n","protected":false},"featured_media":38849,"template":"","meta":{"_acf_changed":false},"product_brand":[],"product_cat":[32],"product_tag":[],"class_list":{"0":"post-38479","1":"product","2":"type-product","3":"status-publish","4":"has-post-thumbnail","6":"product_cat-service","8":"first","9":"instock","10":"taxable","11":"shipping-taxable","12":"purchasable","13":"product-type-simple"},"bundled_by":[],"bundle_stock_status":"instock","bundle_stock_quantity":19,"bundle_virtual":false,"bundle_layout":"","bundle_add_to_cart_form_location":"","bundle_editable_in_cart":false,"bundle_sold_individually_context":"","bundle_item_grouping":"","bundle_min_size":"","bundle_max_size":"","bundle_price":[],"bundled_items":[],"bundle_sell_ids":[],"acf":[],"tiered_pricing_type":"fixed","tiered_pricing_fixed_rules":[],"tiered_pricing_product_settings":{"layout":"default","base_unit_name":{"singular":null,"plural":null},"default_variation":null},"tiered_pricing_minimum_quantity":null,"tiered_pricing_roles_data":[],"tiered_pricing_percentage_rules":[],"tiered_pricing_maximum_quantity":null,"tiered_pricing_quantity_step":null,"_links":{"self":[{"href":"https:\/\/partyinabox.dk\/party\/wp-json\/wp\/v2\/product\/38479","targetHints":{"allow":["GET"]}}],"collection":[{"href":"https:\/\/partyinabox.dk\/party\/wp-json\/wp\/v2\/product"}],"about":[{"href":"https:\/\/partyinabox.dk\/party\/wp-json\/wp\/v2\/types\/product"}],"wp:featuredmedia":[{"embeddable":true,"href":"https:\/\/partyinabox.dk\/party\/wp-json\/wp\/v2\/media\/38849"}],"wp:attachment":[{"href":"https:\/\/partyinabox.dk\/party\/wp-json\/wp\/v2\/media?parent=38479"}],"wp:term":[{"taxonomy":"product_brand","embeddable":true,"href":"https:\/\/partyinabox.dk\/party\/wp-json\/wp\/v2\/product_brand?post=38479"},{"taxonomy":"product_cat","embeddable":true,"href":"https:\/\/partyinabox.dk\/party\/wp-json\/wp\/v2\/product_cat?post=38479"},{"taxonomy":"product_tag","embeddable":true,"href":"https:\/\/partyinabox.dk\/party\/wp-json\/wp\/v2\/product_tag?post=38479"}],"curies":[{"name":"wp","href":"https:\/\/api.w.org\/{rel}","templated":true}]}}