{"id":38474,"date":"2023-03-13T00:00:00","date_gmt":"2023-03-12T23:00:00","guid":{"rendered":"https:\/\/partyinabox.dk\/party\/?post_type=product&#038;p=38474"},"modified":"2026-04-27T14:25:27","modified_gmt":"2026-04-27T12:25:27","slug":"moerk-pink-luksus-serviet","status":"publish","type":"product","link":"https:\/\/partyinabox.dk\/party\/vare\/moerk-pink-luksus-serviet\/","title":{"rendered":"Pink luksus serviet"},"content":{"rendered":"<p>De luksuri\u00f8se stoflignende pink servietter er mega fine til at s\u00e6tte sammen med andre servietter, men vil ogs\u00e5 nemt kunne st\u00e5 for sig selv. De ensfarvet servietter er helt perfekt til konfirmation, barned\u00e5b, runde f\u00f8dselsdag, polterabend, pink party, aloha hawaii fest eller en girly pige fest. De er nemme at folde og vil blive st\u00e5ende under hele festen. De kraftige og bl\u00f8de servietter f\u00f8les som tekstil servietter og er b\u00e5de fnugfrie og rivefaste. Du f\u00e5r 12 stk. i en pakke. M\u00e5l: 40&#215;40 cm.<\/p>\n","protected":false},"excerpt":{"rendered":"<p>De luksuri\u00f8se stoflignende pink servietter er mega fine til at s\u00e6tte sammen med andre servietter, men vil ogs\u00e5 nemt kunne st\u00e5 for sig selv. De ensfarvet servietter er helt perfekt til konfirmation, barned\u00e5b, runde f\u00f8dselsdag, polterabend, pink party, aloha hawaii [&hellip;]<\/p>\n","protected":false},"featured_media":31283,"template":"","meta":{"_acf_changed":false},"product_brand":[],"product_cat":[32],"product_tag":[],"class_list":{"0":"post-38474","1":"product","2":"type-product","3":"status-publish","4":"has-post-thumbnail","6":"product_cat-service","8":"first","9":"instock","10":"taxable","11":"shipping-taxable","12":"purchasable","13":"product-type-simple"},"bundled_by":[],"bundle_stock_status":"instock","bundle_stock_quantity":173,"bundle_virtual":false,"bundle_layout":"","bundle_add_to_cart_form_location":"","bundle_editable_in_cart":false,"bundle_sold_individually_context":"","bundle_item_grouping":"","bundle_min_size":"","bundle_max_size":"","bundle_price":[],"bundled_items":[],"bundle_sell_ids":[],"acf":[],"tiered_pricing_type":"fixed","tiered_pricing_fixed_rules":[],"tiered_pricing_product_settings":{"layout":"default","base_unit_name":{"singular":null,"plural":null},"default_variation":null},"tiered_pricing_minimum_quantity":null,"tiered_pricing_roles_data":[],"tiered_pricing_percentage_rules":[],"tiered_pricing_maximum_quantity":null,"tiered_pricing_quantity_step":null,"_links":{"self":[{"href":"https:\/\/partyinabox.dk\/party\/wp-json\/wp\/v2\/product\/38474","targetHints":{"allow":["GET"]}}],"collection":[{"href":"https:\/\/partyinabox.dk\/party\/wp-json\/wp\/v2\/product"}],"about":[{"href":"https:\/\/partyinabox.dk\/party\/wp-json\/wp\/v2\/types\/product"}],"wp:featuredmedia":[{"embeddable":true,"href":"https:\/\/partyinabox.dk\/party\/wp-json\/wp\/v2\/media\/31283"}],"wp:attachment":[{"href":"https:\/\/partyinabox.dk\/party\/wp-json\/wp\/v2\/media?parent=38474"}],"wp:term":[{"taxonomy":"product_brand","embeddable":true,"href":"https:\/\/partyinabox.dk\/party\/wp-json\/wp\/v2\/product_brand?post=38474"},{"taxonomy":"product_cat","embeddable":true,"href":"https:\/\/partyinabox.dk\/party\/wp-json\/wp\/v2\/product_cat?post=38474"},{"taxonomy":"product_tag","embeddable":true,"href":"https:\/\/partyinabox.dk\/party\/wp-json\/wp\/v2\/product_tag?post=38474"}],"curies":[{"name":"wp","href":"https:\/\/api.w.org\/{rel}","templated":true}]}}