{"id":34628,"date":"2022-05-04T00:00:00","date_gmt":"2022-05-03T22:00:00","guid":{"rendered":"https:\/\/partyinabox.dk\/party\/?post_type=product&#038;p=34628"},"modified":"2026-03-16T08:31:29","modified_gmt":"2026-03-16T07:31:29","slug":"unmute-ballon-box","status":"publish","type":"product","link":"https:\/\/partyinabox.dk\/party\/vare\/unmute-ballon-box\/","title":{"rendered":"Mors dags ballon box med en Unmute"},"content":{"rendered":"","protected":false},"excerpt":{"rendered":"<p>Overrask din mor med \u00e5rets mest personlige Mors Dags gave!<\/p>\n<p>I samarbejde med Unmute har vi lavet den s\u00f8deste mors dags ballon box, som best\u00e5r af en Unmute-lydhilsen indspillet af dig, med dit helt eget foto p\u00e5 (m\u00e5ske et af dig og din mor?), samt en s\u00f8d sv\u00e6vende hjerte ballon, der med garanti vil v\u00e6kke gl\u00e6de og varme om mors hjerte.<\/p>\n<p><a href=\"https:\/\/youtube.com\/shorts\/V4-HmpnlCtM?feature=share\">Se og h\u00f8r Trine fort\u00e6lle om Mors dags ballon box med Unmute her<\/a><\/p>\n<p>Mors dags ballon boxen designer og k\u00f8ber du p\u00e5 Unmute&#8217;s hjemmeside. Klik p\u00e5 knappen for at komme igang \ud83d\udc47<\/p>\n<p><strong>Levering (forudbestilling):<\/strong><\/p>\n<p>Ballon boxen bliver sendt torsdag d. 5 maj til\u00a0<strong>levering hos modtageren fredag d. 6 maj<\/strong>. Mors dag ballonen og din Unmute bliver leveret i en stor kasse, hvorp\u00e5 vi skriver, at kassen f\u00f8rst m\u00e5 \u00e5bnes p\u00e5 Mors dag s\u00f8ndag d. 8 maj, samt at den ikke m\u00e5 \u00e5bnes med kniv eller saks, for s\u00e5 bliver \u201cmagien\u201d \u00f8delagt.<\/p>\n<p>Ballon boxen kommer med fragtfri levering til n\u00e6rmeste pakkeshop eller til en valgfri privat adresse for + 49 kr.<\/p>\n","protected":false},"featured_media":34664,"template":"","meta":{"_acf_changed":false},"product_brand":[],"product_cat":[30],"product_tag":[],"class_list":{"0":"post-34628","1":"product","2":"type-product","3":"status-publish","4":"has-post-thumbnail","6":"product_cat-balloner","7":"product_shipping_class-egen-pakke","9":"first","10":"outofstock","11":"taxable","12":"shipping-taxable","13":"purchasable","14":"product-type-simple"},"bundled_by":[],"bundle_stock_status":"outofstock","bundle_stock_quantity":null,"bundle_virtual":false,"bundle_layout":"","bundle_add_to_cart_form_location":"","bundle_editable_in_cart":false,"bundle_sold_individually_context":"","bundle_item_grouping":"","bundle_min_size":"","bundle_max_size":"","bundle_price":[],"bundled_items":[],"bundle_sell_ids":[],"acf":[],"tiered_pricing_type":"fixed","tiered_pricing_fixed_rules":[],"tiered_pricing_product_settings":{"layout":"default","base_unit_name":{"singular":null,"plural":null},"default_variation":null},"tiered_pricing_minimum_quantity":null,"tiered_pricing_roles_data":[],"tiered_pricing_percentage_rules":[],"tiered_pricing_maximum_quantity":null,"tiered_pricing_quantity_step":null,"_links":{"self":[{"href":"https:\/\/partyinabox.dk\/party\/wp-json\/wp\/v2\/product\/34628","targetHints":{"allow":["GET"]}}],"collection":[{"href":"https:\/\/partyinabox.dk\/party\/wp-json\/wp\/v2\/product"}],"about":[{"href":"https:\/\/partyinabox.dk\/party\/wp-json\/wp\/v2\/types\/product"}],"wp:featuredmedia":[{"embeddable":true,"href":"https:\/\/partyinabox.dk\/party\/wp-json\/wp\/v2\/media\/34664"}],"wp:attachment":[{"href":"https:\/\/partyinabox.dk\/party\/wp-json\/wp\/v2\/media?parent=34628"}],"wp:term":[{"taxonomy":"product_brand","embeddable":true,"href":"https:\/\/partyinabox.dk\/party\/wp-json\/wp\/v2\/product_brand?post=34628"},{"taxonomy":"product_cat","embeddable":true,"href":"https:\/\/partyinabox.dk\/party\/wp-json\/wp\/v2\/product_cat?post=34628"},{"taxonomy":"product_tag","embeddable":true,"href":"https:\/\/partyinabox.dk\/party\/wp-json\/wp\/v2\/product_tag?post=34628"}],"curies":[{"name":"wp","href":"https:\/\/api.w.org\/{rel}","templated":true}]}}