{"id":33347,"date":"2022-07-20T00:00:00","date_gmt":"2022-07-19T22:00:00","guid":{"rendered":"https:\/\/partyinabox.dk\/party\/?post_type=product&#038;p=33347"},"modified":"2026-03-13T11:06:14","modified_gmt":"2026-03-13T10:06:14","slug":"natur-ballon-guirlande-saet-med-palmeblade","status":"publish","type":"product","link":"https:\/\/partyinabox.dk\/party\/vare\/natur-ballon-guirlande-saet-med-palmeblade\/","title":{"rendered":"Natur ballon guirlande s\u00e6t med palmeblade"},"content":{"rendered":"<p>Pynt flot op til dit natur \/ botaniske bryllup, konfirmation, f\u00f8dselsdag, d\u00e5b, sommerfest, babyshower eller aloha Hawaii fest med denne smukke ballon guirlande i hvid, beige, gr\u00f8n, mint og creme farver, samt 6 forskelligt farvet papir palmeblade til at h\u00e6nge ned fra guirlanden. I s\u00e6ttet f\u00e5r du alt, hvad du beh\u00f8ver til at lavet en flot ballon guirlande til din fest &#8211; bare f\u00f8lg den nemme vejledning bagp\u00e5 \u00e6sken. Guirlanden bliver mellem 3,5 &#8211; 4 meter og fyldt med forskellige naturfarvet balloner.<\/p>\n<p><strong>VIDEO:<\/strong> Se en vejledning i at lave en ballon guirlande <a href=\"https:\/\/www.instagram.com\/stories\/highlights\/17866047715416094\/\" target=\"_blank\" rel=\"noopener\">her.<\/a><\/p>\n<p>Pakken indeholder:<\/p>\n<ul>\n<li>1 x 45 cm, 2 x 30 cm, 2 x 25 cm og 2 x 12 cm hvide balloner<\/li>\n<li>2 x 30 cm, 2 x 25 cm og 2 x 12 cm creme\/beige balloner<\/li>\n<li>1 x 45 cm, 4 x 12 cm, 2 x 25 cm og 2 x 12 cm lysegr\u00f8nne balloner<\/li>\n<li>1 x 45 cm, 4 x 30 cm, 2 x 25 cm og 2 x 12 cm gr\u00f8nne balloner<\/li>\n<li>3 x 30 cm, 2 x 25 cm og 2 x 12 cm mint balloner<\/li>\n<li>3 x 30 cm papir palmeblade i lysegr\u00f8n, gr\u00f8n og creme<\/li>\n<li>3 x 25 cm papir palmeblade i lysegr\u00f8n, gr\u00f8n og creme<\/li>\n<li>4 meter ballon snor (til at lave guirlanden af)<\/li>\n<li>60 x ballon lim dutter<\/li>\n<li>3 meter hvid snor<\/li>\n<\/ul>\n<p><strong>Husk<\/strong> en ballonpumpe til at puste ballonerne op med.<\/p>\n<p><strong>OBS: s\u00e6ttet skal IKKE bruge helium!<\/strong><\/p>\n","protected":false},"excerpt":{"rendered":"<p>Pynt flot op til dit natur \/ botaniske bryllup, konfirmation, f\u00f8dselsdag, d\u00e5b, sommerfest, babyshower eller aloha Hawaii fest med denne smukke ballon guirlande i hvid, beige, gr\u00f8n, mint og creme farver, samt 6 forskelligt farvet papir palmeblade til at h\u00e6nge [&hellip;]<\/p>\n","protected":false},"featured_media":33348,"template":"","meta":{"_acf_changed":false},"product_brand":[],"product_cat":[30],"product_tag":[],"class_list":{"0":"post-33347","1":"product","2":"type-product","3":"status-publish","4":"has-post-thumbnail","6":"product_cat-balloner","8":"first","9":"outofstock","10":"taxable","11":"shipping-taxable","12":"purchasable","13":"product-type-simple"},"bundled_by":[],"bundle_stock_status":"outofstock","bundle_stock_quantity":0,"bundle_virtual":false,"bundle_layout":"","bundle_add_to_cart_form_location":"","bundle_editable_in_cart":false,"bundle_sold_individually_context":"","bundle_item_grouping":"","bundle_min_size":"","bundle_max_size":"","bundle_price":[],"bundled_items":[],"bundle_sell_ids":[],"acf":[],"tiered_pricing_type":"fixed","tiered_pricing_fixed_rules":[],"tiered_pricing_product_settings":{"layout":"default","base_unit_name":{"singular":null,"plural":null},"default_variation":null},"tiered_pricing_minimum_quantity":null,"tiered_pricing_roles_data":[],"tiered_pricing_percentage_rules":[],"tiered_pricing_maximum_quantity":null,"tiered_pricing_quantity_step":null,"_links":{"self":[{"href":"https:\/\/partyinabox.dk\/party\/wp-json\/wp\/v2\/product\/33347","targetHints":{"allow":["GET"]}}],"collection":[{"href":"https:\/\/partyinabox.dk\/party\/wp-json\/wp\/v2\/product"}],"about":[{"href":"https:\/\/partyinabox.dk\/party\/wp-json\/wp\/v2\/types\/product"}],"wp:featuredmedia":[{"embeddable":true,"href":"https:\/\/partyinabox.dk\/party\/wp-json\/wp\/v2\/media\/33348"}],"wp:attachment":[{"href":"https:\/\/partyinabox.dk\/party\/wp-json\/wp\/v2\/media?parent=33347"}],"wp:term":[{"taxonomy":"product_brand","embeddable":true,"href":"https:\/\/partyinabox.dk\/party\/wp-json\/wp\/v2\/product_brand?post=33347"},{"taxonomy":"product_cat","embeddable":true,"href":"https:\/\/partyinabox.dk\/party\/wp-json\/wp\/v2\/product_cat?post=33347"},{"taxonomy":"product_tag","embeddable":true,"href":"https:\/\/partyinabox.dk\/party\/wp-json\/wp\/v2\/product_tag?post=33347"}],"curies":[{"name":"wp","href":"https:\/\/api.w.org\/{rel}","templated":true}]}}