{"id":3240,"date":"2023-02-17T00:00:00","date_gmt":"2023-02-16T23:00:00","guid":{"rendered":"https:\/\/partyinabox.dk\/party\/?post_type=product&#038;p=3240"},"modified":"2026-03-13T11:05:12","modified_gmt":"2026-03-13T10:05:12","slug":"guld-happy-new-year-konfetti","status":"publish","type":"product","link":"https:\/\/partyinabox.dk\/party\/vare\/guld-happy-new-year-konfetti\/","title":{"rendered":"Guld konfetti &#8220;Happy New Year&#8221;"},"content":{"rendered":"<p>F\u00e5 bordet til at spille til nyt\u00e5r med dette guld konfetti formet som &#8220;Happy New Year&#8221;. K\u00f8b gerne to pakker, s\u00e5 du har til hele bordet. Indhold: 3 g \/ M\u00e5l: 4 x 2 cm<\/p>\n","protected":false},"excerpt":{"rendered":"<p>F\u00e5 bordet til at spille til nyt\u00e5r med dette guld konfetti formet som &#8220;Happy New Year&#8221;. K\u00f8b gerne to pakker, s\u00e5 du har til hele bordet. Indhold: 3 g \/ M\u00e5l: 4 x 2 cm<\/p>\n","protected":false},"featured_media":3249,"template":"","meta":{"_acf_changed":false},"product_brand":[],"product_cat":[32],"product_tag":[],"class_list":{"0":"post-3240","1":"product","2":"type-product","3":"status-publish","4":"has-post-thumbnail","6":"product_cat-service","8":"first","9":"instock","10":"taxable","11":"shipping-taxable","12":"purchasable","13":"product-type-simple"},"bundled_by":[],"bundle_stock_status":"instock","bundle_stock_quantity":25,"bundle_virtual":false,"bundle_layout":"","bundle_add_to_cart_form_location":"","bundle_editable_in_cart":false,"bundle_sold_individually_context":"","bundle_item_grouping":"","bundle_min_size":"","bundle_max_size":"","bundle_price":[],"bundled_items":[],"bundle_sell_ids":[],"acf":[],"tiered_pricing_type":"fixed","tiered_pricing_fixed_rules":[],"tiered_pricing_product_settings":{"layout":"default","base_unit_name":{"singular":null,"plural":null},"default_variation":null},"tiered_pricing_minimum_quantity":null,"tiered_pricing_roles_data":[],"tiered_pricing_percentage_rules":[],"tiered_pricing_maximum_quantity":null,"tiered_pricing_quantity_step":null,"_links":{"self":[{"href":"https:\/\/partyinabox.dk\/party\/wp-json\/wp\/v2\/product\/3240","targetHints":{"allow":["GET"]}}],"collection":[{"href":"https:\/\/partyinabox.dk\/party\/wp-json\/wp\/v2\/product"}],"about":[{"href":"https:\/\/partyinabox.dk\/party\/wp-json\/wp\/v2\/types\/product"}],"wp:featuredmedia":[{"embeddable":true,"href":"https:\/\/partyinabox.dk\/party\/wp-json\/wp\/v2\/media\/3249"}],"wp:attachment":[{"href":"https:\/\/partyinabox.dk\/party\/wp-json\/wp\/v2\/media?parent=3240"}],"wp:term":[{"taxonomy":"product_brand","embeddable":true,"href":"https:\/\/partyinabox.dk\/party\/wp-json\/wp\/v2\/product_brand?post=3240"},{"taxonomy":"product_cat","embeddable":true,"href":"https:\/\/partyinabox.dk\/party\/wp-json\/wp\/v2\/product_cat?post=3240"},{"taxonomy":"product_tag","embeddable":true,"href":"https:\/\/partyinabox.dk\/party\/wp-json\/wp\/v2\/product_tag?post=3240"}],"curies":[{"name":"wp","href":"https:\/\/api.w.org\/{rel}","templated":true}]}}