{"id":3069,"date":"2026-03-06T00:00:00","date_gmt":"2026-03-05T23:00:00","guid":{"rendered":"https:\/\/partyinabox.dk\/party\/?post_type=product&#038;p=3069"},"modified":"2026-04-21T06:23:13","modified_gmt":"2026-04-21T04:23:13","slug":"soelv-fyrfads-stage-3","status":"publish","type":"product","link":"https:\/\/partyinabox.dk\/party\/vare\/soelv-fyrfads-stage-3\/","title":{"rendered":"S\u00f8lv fyrfadsstage p\u00e5 fod"},"content":{"rendered":"<p>D\u00e6k bordet flot op til s\u00f8lv fest, s\u00f8lvbryllup, nyt\u00e5r, bryllup, konfirmation, winter wonderland eller jul med disse smukke s\u00f8lv lysestager til fyrfadslys. Brug alm. fyrfadslys eller LED, for at give en hyggelig stemning p\u00e5 bordet.<\/p>\n<p>Indhold: 4 stk. \/ M\u00e5l: 7 x 8 cm<\/p>\n","protected":false},"excerpt":{"rendered":"<p>D\u00e6k bordet flot op til s\u00f8lv fest, s\u00f8lvbryllup, nyt\u00e5r, bryllup, konfirmation, winter wonderland eller jul med disse smukke s\u00f8lv lysestager til fyrfadslys. Brug alm. fyrfadslys eller LED, for at give en hyggelig stemning p\u00e5 bordet. Indhold: 4 stk. \/ M\u00e5l: [&hellip;]<\/p>\n","protected":false},"featured_media":3071,"template":"","meta":{"_acf_changed":false},"product_brand":[],"product_cat":[32],"product_tag":[],"class_list":{"0":"post-3069","1":"product","2":"type-product","3":"status-publish","4":"has-post-thumbnail","6":"product_cat-service","8":"first","9":"instock","10":"taxable","11":"shipping-taxable","12":"purchasable","13":"product-type-simple"},"bundled_by":[],"bundle_stock_status":"instock","bundle_stock_quantity":19,"bundle_virtual":false,"bundle_layout":"","bundle_add_to_cart_form_location":"","bundle_editable_in_cart":false,"bundle_sold_individually_context":"","bundle_item_grouping":"","bundle_min_size":"","bundle_max_size":"","bundle_price":[],"bundled_items":[],"bundle_sell_ids":[],"acf":[],"tiered_pricing_type":"fixed","tiered_pricing_fixed_rules":[],"tiered_pricing_product_settings":{"layout":"default","base_unit_name":{"singular":null,"plural":null},"default_variation":null},"tiered_pricing_minimum_quantity":null,"tiered_pricing_roles_data":[],"tiered_pricing_percentage_rules":[],"tiered_pricing_maximum_quantity":null,"tiered_pricing_quantity_step":null,"_links":{"self":[{"href":"https:\/\/partyinabox.dk\/party\/wp-json\/wp\/v2\/product\/3069","targetHints":{"allow":["GET"]}}],"collection":[{"href":"https:\/\/partyinabox.dk\/party\/wp-json\/wp\/v2\/product"}],"about":[{"href":"https:\/\/partyinabox.dk\/party\/wp-json\/wp\/v2\/types\/product"}],"wp:featuredmedia":[{"embeddable":true,"href":"https:\/\/partyinabox.dk\/party\/wp-json\/wp\/v2\/media\/3071"}],"wp:attachment":[{"href":"https:\/\/partyinabox.dk\/party\/wp-json\/wp\/v2\/media?parent=3069"}],"wp:term":[{"taxonomy":"product_brand","embeddable":true,"href":"https:\/\/partyinabox.dk\/party\/wp-json\/wp\/v2\/product_brand?post=3069"},{"taxonomy":"product_cat","embeddable":true,"href":"https:\/\/partyinabox.dk\/party\/wp-json\/wp\/v2\/product_cat?post=3069"},{"taxonomy":"product_tag","embeddable":true,"href":"https:\/\/partyinabox.dk\/party\/wp-json\/wp\/v2\/product_tag?post=3069"}],"curies":[{"name":"wp","href":"https:\/\/api.w.org\/{rel}","templated":true}]}}