{"id":3025,"date":"2023-10-10T00:00:00","date_gmt":"2023-10-09T22:00:00","guid":{"rendered":"https:\/\/partyinabox.dk\/party\/?post_type=product&#038;p=3025"},"modified":"2026-04-08T21:21:28","modified_gmt":"2026-04-08T19:21:28","slug":"hvid-rosa-sukkerstok-folie-ballon","status":"publish","type":"product","link":"https:\/\/partyinabox.dk\/party\/vare\/hvid-rosa-sukkerstok-folie-ballon\/","title":{"rendered":"Hvid rosa sukkerstok folie ballon"},"content":{"rendered":"<p>Jul er lig med s\u00f8de sager, og med denne store rosa\/hvid sukkerstok folie ballon kan du nemt og hurtigt pynte hyggeligt op til den s\u00f8de juletid. Fyld ballonen med alm. luft og h\u00e6ng den op p\u00e5 v\u00e6ggen med fiskesn\u00f8re eller ballon lim dutter. Du kan ogs\u00e5 fylde den med helium, s\u00e5 den sv\u00e6ver.<\/p>\n<p><strong>OBS:<\/strong> kan IKKE bruge Hi Float.<\/p>\n<p>Indhold: 1 stk. \/ M\u00e5l: 46 x 74 cm<\/p>\n","protected":false},"excerpt":{"rendered":"<p>Jul er lig med s\u00f8de sager, og med denne store rosa\/hvid sukkerstok folie ballon kan du nemt og hurtigt pynte hyggeligt op til den s\u00f8de juletid. Fyld ballonen med alm. luft og h\u00e6ng den op p\u00e5 v\u00e6ggen med fiskesn\u00f8re eller [&hellip;]<\/p>\n","protected":false},"featured_media":3030,"template":"","meta":{"_acf_changed":false},"product_brand":[],"product_cat":[30],"product_tag":[],"class_list":{"0":"post-3025","1":"product","2":"type-product","3":"status-publish","4":"has-post-thumbnail","6":"product_cat-balloner","8":"first","9":"instock","10":"sale","11":"taxable","12":"shipping-taxable","13":"purchasable","14":"product-type-simple"},"bundled_by":[],"bundle_stock_status":"instock","bundle_stock_quantity":55,"bundle_virtual":false,"bundle_layout":"","bundle_add_to_cart_form_location":"","bundle_editable_in_cart":false,"bundle_sold_individually_context":"","bundle_item_grouping":"","bundle_min_size":"","bundle_max_size":"","bundle_price":[],"bundled_items":[],"bundle_sell_ids":[],"acf":[],"tiered_pricing_type":"fixed","tiered_pricing_fixed_rules":[],"tiered_pricing_product_settings":{"layout":"default","base_unit_name":{"singular":null,"plural":null},"default_variation":null},"tiered_pricing_minimum_quantity":null,"tiered_pricing_roles_data":[],"tiered_pricing_percentage_rules":[],"tiered_pricing_maximum_quantity":null,"tiered_pricing_quantity_step":null,"_links":{"self":[{"href":"https:\/\/partyinabox.dk\/party\/wp-json\/wp\/v2\/product\/3025","targetHints":{"allow":["GET"]}}],"collection":[{"href":"https:\/\/partyinabox.dk\/party\/wp-json\/wp\/v2\/product"}],"about":[{"href":"https:\/\/partyinabox.dk\/party\/wp-json\/wp\/v2\/types\/product"}],"wp:featuredmedia":[{"embeddable":true,"href":"https:\/\/partyinabox.dk\/party\/wp-json\/wp\/v2\/media\/3030"}],"wp:attachment":[{"href":"https:\/\/partyinabox.dk\/party\/wp-json\/wp\/v2\/media?parent=3025"}],"wp:term":[{"taxonomy":"product_brand","embeddable":true,"href":"https:\/\/partyinabox.dk\/party\/wp-json\/wp\/v2\/product_brand?post=3025"},{"taxonomy":"product_cat","embeddable":true,"href":"https:\/\/partyinabox.dk\/party\/wp-json\/wp\/v2\/product_cat?post=3025"},{"taxonomy":"product_tag","embeddable":true,"href":"https:\/\/partyinabox.dk\/party\/wp-json\/wp\/v2\/product_tag?post=3025"}],"curies":[{"name":"wp","href":"https:\/\/api.w.org\/{rel}","templated":true}]}}