{"id":27807,"date":"2025-11-21T00:00:00","date_gmt":"2025-11-20T23:00:00","guid":{"rendered":"https:\/\/partyinabox.dk\/party\/?post_type=product&#038;p=27807"},"modified":"2026-03-31T11:05:11","modified_gmt":"2026-03-31T09:05:11","slug":"moerkeroed-julestjerne-velour-m-led-lille","status":"publish","type":"product","link":"https:\/\/partyinabox.dk\/party\/vare\/moerkeroed-julestjerne-velour-m-led-lille\/","title":{"rendered":"M\u00f8rker\u00f8d julestjerne velour m\/ LED (LILLE)"},"content":{"rendered":"<p>Den flotte bordeaux r\u00f8de julestjerne giver den perfekte julestemning i hjemmet. H\u00e6ng den i vinduer, p\u00e5 d\u00f8re, p\u00e5 v\u00e6ggen eller i loftet i et hj\u00f8rne. Stjernen lyser flot op med LED-lysene. Der er 1o LED-lys med 20 cm mellem hver. Stjernen er nem at samle, putte battier i og h\u00e6nge op. Du kan ogs\u00e5 s\u00e6tte timeren til, stjernen lyser i 6 timer holder pause i 18 timer og t\u00e6nder s\u00e5 i 6 timer igen.<\/p>\n<p>Tilf\u00f8j 3xAA Batterier. De er ikke inkluderet i pakken.<\/p>\n<p>M\u00e5l: 45 x 17 cm.<\/p>\n","protected":false},"excerpt":{"rendered":"<p>Den flotte bordeaux r\u00f8de julestjerne giver den perfekte julestemning i hjemmet. H\u00e6ng den i vinduer, p\u00e5 d\u00f8re, p\u00e5 v\u00e6ggen eller i loftet i et hj\u00f8rne. Stjernen lyser flot op med LED-lysene. Der er 1o LED-lys med 20 cm mellem hver. [&hellip;]<\/p>\n","protected":false},"featured_media":99457,"template":"","meta":{"_acf_changed":false},"product_brand":[],"product_cat":[19,31],"product_tag":[],"class_list":{"0":"post-27807","1":"product","2":"type-product","3":"status-publish","4":"has-post-thumbnail","6":"product_cat-pynt","7":"product_cat-til-loftet","9":"first","10":"instock","11":"taxable","12":"shipping-taxable","13":"purchasable","14":"product-type-simple"},"bundled_by":[],"bundle_stock_status":"instock","bundle_stock_quantity":176,"bundle_virtual":false,"bundle_layout":"","bundle_add_to_cart_form_location":"","bundle_editable_in_cart":false,"bundle_sold_individually_context":"","bundle_item_grouping":"","bundle_min_size":"","bundle_max_size":"","bundle_price":[],"bundled_items":[],"bundle_sell_ids":[],"acf":[],"tiered_pricing_type":"fixed","tiered_pricing_fixed_rules":[],"tiered_pricing_product_settings":{"layout":"default","base_unit_name":{"singular":null,"plural":null},"default_variation":null},"tiered_pricing_minimum_quantity":null,"tiered_pricing_roles_data":[],"tiered_pricing_percentage_rules":[],"tiered_pricing_maximum_quantity":null,"tiered_pricing_quantity_step":null,"_links":{"self":[{"href":"https:\/\/partyinabox.dk\/party\/wp-json\/wp\/v2\/product\/27807","targetHints":{"allow":["GET"]}}],"collection":[{"href":"https:\/\/partyinabox.dk\/party\/wp-json\/wp\/v2\/product"}],"about":[{"href":"https:\/\/partyinabox.dk\/party\/wp-json\/wp\/v2\/types\/product"}],"wp:featuredmedia":[{"embeddable":true,"href":"https:\/\/partyinabox.dk\/party\/wp-json\/wp\/v2\/media\/99457"}],"wp:attachment":[{"href":"https:\/\/partyinabox.dk\/party\/wp-json\/wp\/v2\/media?parent=27807"}],"wp:term":[{"taxonomy":"product_brand","embeddable":true,"href":"https:\/\/partyinabox.dk\/party\/wp-json\/wp\/v2\/product_brand?post=27807"},{"taxonomy":"product_cat","embeddable":true,"href":"https:\/\/partyinabox.dk\/party\/wp-json\/wp\/v2\/product_cat?post=27807"},{"taxonomy":"product_tag","embeddable":true,"href":"https:\/\/partyinabox.dk\/party\/wp-json\/wp\/v2\/product_tag?post=27807"}],"curies":[{"name":"wp","href":"https:\/\/api.w.org\/{rel}","templated":true}]}}