{"id":26659,"date":"2021-09-08T13:45:12","date_gmt":"2021-09-08T11:45:12","guid":{"rendered":"https:\/\/partyinabox.dk\/party\/?post_type=product&#038;p=26659"},"modified":"2026-04-22T18:59:27","modified_gmt":"2026-04-22T16:59:27","slug":"graa-ballon-2","status":"publish","type":"product","link":"https:\/\/partyinabox.dk\/party\/vare\/graa-ballon-2\/","title":{"rendered":"Gr\u00e5 ballon"},"content":{"rendered":"<p>10 stk. flotte gr\u00e5 latex balloner lige til at puste op og h\u00e6nge ned fra loftet med f.eks. ballon lim dutter. Husk helium, hvis de skal sv\u00e6ve, og Hi float for l\u00e6ngere holdbarhed. M\u00e5l: 30 cm<\/p>\n","protected":false},"excerpt":{"rendered":"<p>10 stk. flotte gr\u00e5 latex balloner lige til at puste op og h\u00e6nge ned fra loftet med f.eks. ballon lim dutter. Husk helium, hvis de skal sv\u00e6ve, og Hi float for l\u00e6ngere holdbarhed. M\u00e5l: 30 cm<\/p>\n","protected":false},"featured_media":26660,"template":"","meta":{"_acf_changed":false},"product_brand":[],"product_cat":[30],"product_tag":[],"class_list":{"0":"post-26659","1":"product","2":"type-product","3":"status-publish","4":"has-post-thumbnail","6":"product_cat-balloner","8":"first","9":"instock","10":"taxable","11":"shipping-taxable","12":"purchasable","13":"product-type-simple"},"bundled_by":[],"bundle_stock_status":"instock","bundle_stock_quantity":55,"bundle_virtual":false,"bundle_layout":"","bundle_add_to_cart_form_location":"","bundle_editable_in_cart":false,"bundle_sold_individually_context":"","bundle_item_grouping":"","bundle_min_size":"","bundle_max_size":"","bundle_price":[],"bundled_items":[],"bundle_sell_ids":[],"acf":[],"tiered_pricing_type":"fixed","tiered_pricing_fixed_rules":[],"tiered_pricing_product_settings":{"layout":"default","base_unit_name":{"singular":null,"plural":null},"default_variation":null},"tiered_pricing_minimum_quantity":null,"tiered_pricing_roles_data":[],"tiered_pricing_percentage_rules":[],"tiered_pricing_maximum_quantity":null,"tiered_pricing_quantity_step":null,"_links":{"self":[{"href":"https:\/\/partyinabox.dk\/party\/wp-json\/wp\/v2\/product\/26659","targetHints":{"allow":["GET"]}}],"collection":[{"href":"https:\/\/partyinabox.dk\/party\/wp-json\/wp\/v2\/product"}],"about":[{"href":"https:\/\/partyinabox.dk\/party\/wp-json\/wp\/v2\/types\/product"}],"wp:featuredmedia":[{"embeddable":true,"href":"https:\/\/partyinabox.dk\/party\/wp-json\/wp\/v2\/media\/26660"}],"wp:attachment":[{"href":"https:\/\/partyinabox.dk\/party\/wp-json\/wp\/v2\/media?parent=26659"}],"wp:term":[{"taxonomy":"product_brand","embeddable":true,"href":"https:\/\/partyinabox.dk\/party\/wp-json\/wp\/v2\/product_brand?post=26659"},{"taxonomy":"product_cat","embeddable":true,"href":"https:\/\/partyinabox.dk\/party\/wp-json\/wp\/v2\/product_cat?post=26659"},{"taxonomy":"product_tag","embeddable":true,"href":"https:\/\/partyinabox.dk\/party\/wp-json\/wp\/v2\/product_tag?post=26659"}],"curies":[{"name":"wp","href":"https:\/\/api.w.org\/{rel}","templated":true}]}}