{"id":26552,"date":"2022-11-23T00:00:00","date_gmt":"2022-11-22T23:00:00","guid":{"rendered":"https:\/\/partyinabox.dk\/party\/?post_type=product&#038;p=26552"},"modified":"2026-04-07T12:16:23","modified_gmt":"2026-04-07T10:16:23","slug":"ballon-2-tal-kasse-uden-balloner","status":"publish","type":"product","link":"https:\/\/partyinabox.dk\/party\/vare\/ballon-2-tal-kasse-uden-balloner\/","title":{"rendered":"Ballon 2 tal kasse (uden balloner)"},"content":{"rendered":"<p>Pynt ekstra op til festen med dette flotte 81 cm h\u00f8je hvide 2 tal, som kan fyldes med lige de farve balloner, som passer til din fest. Rammen til 2 tals kassen er nem at samle, f\u00f8lg bare instruktionen bagp\u00e5 indpakningen (husk at f\u00e5 sticky pads&#8217;ene sat p\u00e5 bagsiderne, s\u00e5 de ikke kan ses, n\u00e5r tallet er samlet\/st\u00e5r rigtigt). N\u00e5r rammen er samlet kan du tage de to \u00f8verste &#8220;afstivere&#8221; ud, s\u00e5 du kan komme balloner i. Du skal bruge ca. 10 stk. 12 cm mini balloner til at fylde 2 tallet ud. Dem kan du k\u00f8be p\u00e5 vores side &#8211; husk en ballonpumpe, da 12 cm balloner ikke kan pustes op med munden. <strong>OBS<\/strong>: balloner IKKE inkluderet!<\/p>\n","protected":false},"excerpt":{"rendered":"<p>Pynt ekstra op til festen med dette flotte 81 cm h\u00f8je hvide 2 tal, som kan fyldes med lige de farve balloner, som passer til din fest. Rammen til 2 tals kassen er nem at samle, f\u00f8lg bare instruktionen bagp\u00e5 [&hellip;]<\/p>\n","protected":false},"featured_media":26559,"template":"","meta":{"_acf_changed":false},"product_brand":[],"product_cat":[30,61],"product_tag":[],"class_list":{"0":"post-26552","1":"product","2":"type-product","3":"status-publish","4":"has-post-thumbnail","6":"product_cat-balloner","7":"product_cat-folie-tal","9":"first","10":"instock","11":"taxable","12":"shipping-taxable","13":"purchasable","14":"product-type-simple"},"bundled_by":[],"bundle_stock_status":"instock","bundle_stock_quantity":25,"bundle_virtual":false,"bundle_layout":"","bundle_add_to_cart_form_location":"","bundle_editable_in_cart":false,"bundle_sold_individually_context":"","bundle_item_grouping":"","bundle_min_size":"","bundle_max_size":"","bundle_price":[],"bundled_items":[],"bundle_sell_ids":[],"acf":[],"tiered_pricing_type":"fixed","tiered_pricing_fixed_rules":[],"tiered_pricing_product_settings":{"layout":"default","base_unit_name":{"singular":null,"plural":null},"default_variation":null},"tiered_pricing_minimum_quantity":null,"tiered_pricing_roles_data":[],"tiered_pricing_percentage_rules":[],"tiered_pricing_maximum_quantity":null,"tiered_pricing_quantity_step":null,"_links":{"self":[{"href":"https:\/\/partyinabox.dk\/party\/wp-json\/wp\/v2\/product\/26552","targetHints":{"allow":["GET"]}}],"collection":[{"href":"https:\/\/partyinabox.dk\/party\/wp-json\/wp\/v2\/product"}],"about":[{"href":"https:\/\/partyinabox.dk\/party\/wp-json\/wp\/v2\/types\/product"}],"wp:featuredmedia":[{"embeddable":true,"href":"https:\/\/partyinabox.dk\/party\/wp-json\/wp\/v2\/media\/26559"}],"wp:attachment":[{"href":"https:\/\/partyinabox.dk\/party\/wp-json\/wp\/v2\/media?parent=26552"}],"wp:term":[{"taxonomy":"product_brand","embeddable":true,"href":"https:\/\/partyinabox.dk\/party\/wp-json\/wp\/v2\/product_brand?post=26552"},{"taxonomy":"product_cat","embeddable":true,"href":"https:\/\/partyinabox.dk\/party\/wp-json\/wp\/v2\/product_cat?post=26552"},{"taxonomy":"product_tag","embeddable":true,"href":"https:\/\/partyinabox.dk\/party\/wp-json\/wp\/v2\/product_tag?post=26552"}],"curies":[{"name":"wp","href":"https:\/\/api.w.org\/{rel}","templated":true}]}}