{"id":1632,"date":"2023-08-15T00:00:00","date_gmt":"2023-08-14T22:00:00","guid":{"rendered":"https:\/\/partyinabox.dk\/party\/?post_type=product&#038;p=1632"},"modified":"2026-04-02T08:55:17","modified_gmt":"2026-04-02T06:55:17","slug":"rosa-papkop-med-guldkant","status":"publish","type":"product","link":"https:\/\/partyinabox.dk\/party\/vare\/rosa-papkop-med-guldkant\/","title":{"rendered":"Rosa papkop med guldkant"},"content":{"rendered":"<p>D\u00e6k bordet flot op til f.eks. babyshower, barned\u00e5b eller 1 \u00e5rs f\u00f8dselsdag for en lille pige med disse s\u00f8de rosa papkopper med guld kant.<\/p>\n<p><strong>Husk<\/strong> s\u00f8de suger\u00f8r der matcher.<\/p>\n<p>Indhold: 6 stk. \/ M\u00e5l: 220 ml<\/p>\n","protected":false},"excerpt":{"rendered":"<p>D\u00e6k bordet flot op til f.eks. babyshower, barned\u00e5b eller 1 \u00e5rs f\u00f8dselsdag for en lille pige med disse s\u00f8de rosa papkopper med guld kant. Husk s\u00f8de suger\u00f8r der matcher. Indhold: 6 stk. \/ M\u00e5l: 220 ml<\/p>\n","protected":false},"featured_media":1634,"template":"","meta":{"_acf_changed":false},"product_brand":[],"product_cat":[32],"product_tag":[],"class_list":{"0":"post-1632","1":"product","2":"type-product","3":"status-publish","4":"has-post-thumbnail","6":"product_cat-service","8":"first","9":"instock","10":"taxable","11":"shipping-taxable","12":"purchasable","13":"product-type-simple"},"bundled_by":[],"bundle_stock_status":"instock","bundle_stock_quantity":326,"bundle_virtual":false,"bundle_layout":"","bundle_add_to_cart_form_location":"","bundle_editable_in_cart":false,"bundle_sold_individually_context":"","bundle_item_grouping":"","bundle_min_size":"","bundle_max_size":"","bundle_price":[],"bundled_items":[],"bundle_sell_ids":[],"acf":[],"tiered_pricing_type":"fixed","tiered_pricing_fixed_rules":[],"tiered_pricing_product_settings":{"layout":"default","base_unit_name":{"singular":null,"plural":null},"default_variation":null},"tiered_pricing_minimum_quantity":null,"tiered_pricing_roles_data":[],"tiered_pricing_percentage_rules":[],"tiered_pricing_maximum_quantity":null,"tiered_pricing_quantity_step":null,"_links":{"self":[{"href":"https:\/\/partyinabox.dk\/party\/wp-json\/wp\/v2\/product\/1632","targetHints":{"allow":["GET"]}}],"collection":[{"href":"https:\/\/partyinabox.dk\/party\/wp-json\/wp\/v2\/product"}],"about":[{"href":"https:\/\/partyinabox.dk\/party\/wp-json\/wp\/v2\/types\/product"}],"wp:featuredmedia":[{"embeddable":true,"href":"https:\/\/partyinabox.dk\/party\/wp-json\/wp\/v2\/media\/1634"}],"wp:attachment":[{"href":"https:\/\/partyinabox.dk\/party\/wp-json\/wp\/v2\/media?parent=1632"}],"wp:term":[{"taxonomy":"product_brand","embeddable":true,"href":"https:\/\/partyinabox.dk\/party\/wp-json\/wp\/v2\/product_brand?post=1632"},{"taxonomy":"product_cat","embeddable":true,"href":"https:\/\/partyinabox.dk\/party\/wp-json\/wp\/v2\/product_cat?post=1632"},{"taxonomy":"product_tag","embeddable":true,"href":"https:\/\/partyinabox.dk\/party\/wp-json\/wp\/v2\/product_tag?post=1632"}],"curies":[{"name":"wp","href":"https:\/\/api.w.org\/{rel}","templated":true}]}}