{"id":1619,"date":"2021-11-05T00:00:00","date_gmt":"2021-11-04T23:00:00","guid":{"rendered":"https:\/\/partyinabox.dk\/party\/?post_type=product&#038;p=1619"},"modified":"2026-04-23T17:17:11","modified_gmt":"2026-04-23T15:17:11","slug":"rosa-confetti","status":"publish","type":"product","link":"https:\/\/partyinabox.dk\/party\/vare\/rosa-confetti\/","title":{"rendered":"Rosa konfetti"},"content":{"rendered":"<p>Giv bordet et festligt udtryk med konfetti! Denne runde, lyser\u00f8de papirkonfetti passer perfekt p\u00e5 bordet til f.eks. babyshower, barned\u00e5b, girly pige f\u00f8dselsdag, 1 \u00e5rs f\u00f8dselsdag, gender reveal, pastel sommerfest eller konfirmation.<\/p>\n<p><strong>TIP:<\/strong> i en pose er der ofte nok konfetti til at pynte to borde.<\/p>\n<p>Indhold: 15 g \/ M\u00e5l: 1,6 cm (\u00d8)<\/p>\n","protected":false},"excerpt":{"rendered":"<p>Giv bordet et festligt udtryk med konfetti! Denne runde, lyser\u00f8de papirkonfetti passer perfekt p\u00e5 bordet til f.eks. babyshower, barned\u00e5b, girly pige f\u00f8dselsdag, 1 \u00e5rs f\u00f8dselsdag, gender reveal, pastel sommerfest eller konfirmation. TIP: i en pose er der ofte nok konfetti [&hellip;]<\/p>\n","protected":false},"featured_media":1620,"template":"","meta":{"_acf_changed":false},"product_brand":[],"product_cat":[19,32],"product_tag":[],"class_list":{"0":"post-1619","1":"product","2":"type-product","3":"status-publish","4":"has-post-thumbnail","6":"product_cat-pynt","7":"product_cat-service","9":"first","10":"instock","11":"taxable","12":"shipping-taxable","13":"purchasable","14":"product-type-simple"},"bundled_by":["50277"],"bundle_stock_status":"instock","bundle_stock_quantity":271,"bundle_virtual":false,"bundle_layout":"","bundle_add_to_cart_form_location":"","bundle_editable_in_cart":false,"bundle_sold_individually_context":"","bundle_item_grouping":"","bundle_min_size":"","bundle_max_size":"","bundle_price":[],"bundled_items":[],"bundle_sell_ids":[],"acf":[],"tiered_pricing_type":"fixed","tiered_pricing_fixed_rules":[],"tiered_pricing_product_settings":{"layout":"default","base_unit_name":{"singular":null,"plural":null},"default_variation":null},"tiered_pricing_minimum_quantity":null,"tiered_pricing_roles_data":[],"tiered_pricing_percentage_rules":[],"tiered_pricing_maximum_quantity":null,"tiered_pricing_quantity_step":null,"_links":{"self":[{"href":"https:\/\/partyinabox.dk\/party\/wp-json\/wp\/v2\/product\/1619","targetHints":{"allow":["GET"]}}],"collection":[{"href":"https:\/\/partyinabox.dk\/party\/wp-json\/wp\/v2\/product"}],"about":[{"href":"https:\/\/partyinabox.dk\/party\/wp-json\/wp\/v2\/types\/product"}],"wp:featuredmedia":[{"embeddable":true,"href":"https:\/\/partyinabox.dk\/party\/wp-json\/wp\/v2\/media\/1620"}],"wp:attachment":[{"href":"https:\/\/partyinabox.dk\/party\/wp-json\/wp\/v2\/media?parent=1619"}],"wp:term":[{"taxonomy":"product_brand","embeddable":true,"href":"https:\/\/partyinabox.dk\/party\/wp-json\/wp\/v2\/product_brand?post=1619"},{"taxonomy":"product_cat","embeddable":true,"href":"https:\/\/partyinabox.dk\/party\/wp-json\/wp\/v2\/product_cat?post=1619"},{"taxonomy":"product_tag","embeddable":true,"href":"https:\/\/partyinabox.dk\/party\/wp-json\/wp\/v2\/product_tag?post=1619"}],"curies":[{"name":"wp","href":"https:\/\/api.w.org\/{rel}","templated":true}]}}