{"id":11695,"date":"2022-11-11T00:00:00","date_gmt":"2022-11-10T23:00:00","guid":{"rendered":"https:\/\/partyinabox.dk\/party\/?post_type=product&#038;p=11695"},"modified":"2026-04-24T15:24:09","modified_gmt":"2026-04-24T13:24:09","slug":"ballon-lim-dutter","status":"publish","type":"product","link":"https:\/\/partyinabox.dk\/party\/vare\/ballon-lim-dutter\/","title":{"rendered":"Ballon lim dutter"},"content":{"rendered":"<p>Brug disse 240 lim dutter til at s\u00e6tte balloner op p\u00e5 mange forskellige m\u00e5der. S\u00e6t dutterne p\u00e5 ballonen og s\u00e6t herefter ballonen p\u00e5 en v\u00e6g, i loftet med gaveb\u00e5nd som &#8220;hale&#8221; eller som ekstra balloner til er udfylde &#8220;huller&#8221; p\u00e5 en ballon guirlande. Du kan ogs\u00e5 bruge lim dutterne til at h\u00e6nge folie ballon bogstaver op p\u00e5 en v\u00e6g. Det kan p\u00e5 nogle typer loft v\u00e6re n\u00f8dvendigt med mere end en lim dut pr. ballon.<\/p>\n<p><strong>VIDEO:<\/strong> Se en vejledning i at bruge ballon limdutter <a href=\"https:\/\/www.instagram.com\/stories\/highlights\/17894748989308447\/\" target=\"_blank\" rel=\"noopener\">her.<\/a><\/p>\n<p>Indhold: 240 stk.<\/p>\n","protected":false},"excerpt":{"rendered":"<p>Brug disse 240 lim dutter til at s\u00e6tte balloner op p\u00e5 mange forskellige m\u00e5der. S\u00e6t dutterne p\u00e5 ballonen og s\u00e6t herefter ballonen p\u00e5 en v\u00e6g, i loftet med gaveb\u00e5nd som &#8220;hale&#8221; eller som ekstra balloner til er udfylde &#8220;huller&#8221; p\u00e5 [&hellip;]<\/p>\n","protected":false},"featured_media":43633,"template":"","meta":{"_acf_changed":false},"product_brand":[],"product_cat":[30,15],"product_tag":[],"class_list":{"0":"post-11695","1":"product","2":"type-product","3":"status-publish","4":"has-post-thumbnail","6":"product_cat-balloner","7":"product_cat-ukategoriseret","9":"first","10":"instock","11":"taxable","12":"shipping-taxable","13":"purchasable","14":"product-type-simple"},"bundled_by":[],"bundle_stock_status":"instock","bundle_stock_quantity":99,"bundle_virtual":false,"bundle_layout":"","bundle_add_to_cart_form_location":"","bundle_editable_in_cart":false,"bundle_sold_individually_context":"","bundle_item_grouping":"","bundle_min_size":"","bundle_max_size":"","bundle_price":[],"bundled_items":[],"bundle_sell_ids":[],"acf":[],"tiered_pricing_type":"fixed","tiered_pricing_fixed_rules":[],"tiered_pricing_product_settings":{"layout":"default","base_unit_name":{"singular":null,"plural":null},"default_variation":null},"tiered_pricing_minimum_quantity":null,"tiered_pricing_roles_data":[],"tiered_pricing_percentage_rules":[],"tiered_pricing_maximum_quantity":null,"tiered_pricing_quantity_step":null,"_links":{"self":[{"href":"https:\/\/partyinabox.dk\/party\/wp-json\/wp\/v2\/product\/11695","targetHints":{"allow":["GET"]}}],"collection":[{"href":"https:\/\/partyinabox.dk\/party\/wp-json\/wp\/v2\/product"}],"about":[{"href":"https:\/\/partyinabox.dk\/party\/wp-json\/wp\/v2\/types\/product"}],"wp:featuredmedia":[{"embeddable":true,"href":"https:\/\/partyinabox.dk\/party\/wp-json\/wp\/v2\/media\/43633"}],"wp:attachment":[{"href":"https:\/\/partyinabox.dk\/party\/wp-json\/wp\/v2\/media?parent=11695"}],"wp:term":[{"taxonomy":"product_brand","embeddable":true,"href":"https:\/\/partyinabox.dk\/party\/wp-json\/wp\/v2\/product_brand?post=11695"},{"taxonomy":"product_cat","embeddable":true,"href":"https:\/\/partyinabox.dk\/party\/wp-json\/wp\/v2\/product_cat?post=11695"},{"taxonomy":"product_tag","embeddable":true,"href":"https:\/\/partyinabox.dk\/party\/wp-json\/wp\/v2\/product_tag?post=11695"}],"curies":[{"name":"wp","href":"https:\/\/api.w.org\/{rel}","templated":true}]}}