{"id":111792,"date":"2026-04-24T09:44:09","date_gmt":"2026-04-24T07:44:09","guid":{"rendered":"https:\/\/partyinabox.dk\/party\/vare\/crepe-papirblomster-pastel\/"},"modified":"2026-04-28T15:25:42","modified_gmt":"2026-04-28T13:25:42","slug":"crepe-papirblomster-pastel","status":"publish","type":"product","link":"https:\/\/partyinabox.dk\/party\/vare\/crepe-papirblomster-pastel\/","title":{"rendered":"Pastel crepe papir blomster"},"content":{"rendered":"<p>Giv festlokalet et blidt, organisk udtryk med disse store papirblomster i lyse pastelfarver. De er ideelle til at s\u00e6tte en dr\u00f8mmende stemning til babyshower, barned\u00e5b eller en rolig f\u00f8dselsdagsfest.<\/p>\n<p>De tre blomster er lavet af let crepepapir, der giver bladene en naturlig struktur. S\u00e6ttet indeholder forskellige st\u00f8rrelser og nuancer af sart rosa og kn\u00e6kket hvid. Blomsterne leveres flade og foldes nemt ud f\u00f8r brug.<\/p>\n<p>Produktinformation:<br \/>\n&#8211; Materiale: FSC-certificeret crepepapir<br \/>\n&#8211; Antal: 3 stk. dekorationsblomster<br \/>\n&#8211; St\u00f8rrelser: 2 stk. 30 cm, 1 stk. 20 cm<br \/>\n&#8211; Farver: Pastelrosa og hvid<\/p>\n<p>L\u00e6g blomsterne midt p\u00e5 spisebordet som en volumin\u00f8s bordl\u00f8ber, eller s\u00e6t dem fast p\u00e5 v\u00e6ggen bag gavebordet. Fold papiret forsigtigt ud, s\u00e5 bladene f\u00e5r mest mulig fylde. <i>Opbevar dem t\u00f8rt efter festen, s\u00e5 kan de genbruges til n\u00e6ste anledning.<\/i><\/p>\n","protected":false},"excerpt":{"rendered":"<p>Giv festlokalet et blidt, organisk udtryk med disse store papirblomster i lyse pastelfarver. De er ideelle til at s\u00e6tte en dr\u00f8mmende stemning til babyshower, barned\u00e5b eller en rolig f\u00f8dselsdagsfest. De tre blomster er lavet af let crepepapir, der giver bladene [&hellip;]<\/p>\n","protected":false},"featured_media":111802,"template":"","meta":{"_acf_changed":false},"product_brand":[],"product_cat":[19,34],"product_tag":[],"class_list":{"0":"post-111792","1":"product","2":"type-product","3":"status-publish","4":"has-post-thumbnail","6":"product_cat-pynt","7":"product_cat-accessories","8":"pa_item-color-lyseroed","9":"pa_item-group-stof-diy","10":"pa_item-subgroup-kunstige-blomster","11":"pa_pakken-indeholder-3-stk-dekorationsblomster","12":"pa_tema_tax-nature","13":"pa_under-tema-flower","15":"first","16":"instock","17":"taxable","18":"shipping-taxable","19":"purchasable","20":"product-type-simple"},"bundled_by":[],"bundle_stock_status":"instock","bundle_stock_quantity":14,"bundle_virtual":false,"bundle_layout":"","bundle_add_to_cart_form_location":"","bundle_editable_in_cart":false,"bundle_sold_individually_context":"","bundle_item_grouping":"","bundle_min_size":"","bundle_max_size":"","bundle_price":[],"bundled_items":[],"bundle_sell_ids":[],"acf":[],"tiered_pricing_type":"fixed","tiered_pricing_fixed_rules":[],"tiered_pricing_product_settings":{"layout":"default","base_unit_name":{"singular":null,"plural":null},"default_variation":null},"tiered_pricing_minimum_quantity":null,"tiered_pricing_roles_data":[],"tiered_pricing_percentage_rules":[],"tiered_pricing_maximum_quantity":null,"tiered_pricing_quantity_step":null,"_links":{"self":[{"href":"https:\/\/partyinabox.dk\/party\/wp-json\/wp\/v2\/product\/111792","targetHints":{"allow":["GET"]}}],"collection":[{"href":"https:\/\/partyinabox.dk\/party\/wp-json\/wp\/v2\/product"}],"about":[{"href":"https:\/\/partyinabox.dk\/party\/wp-json\/wp\/v2\/types\/product"}],"wp:featuredmedia":[{"embeddable":true,"href":"https:\/\/partyinabox.dk\/party\/wp-json\/wp\/v2\/media\/111802"}],"wp:attachment":[{"href":"https:\/\/partyinabox.dk\/party\/wp-json\/wp\/v2\/media?parent=111792"}],"wp:term":[{"taxonomy":"product_brand","embeddable":true,"href":"https:\/\/partyinabox.dk\/party\/wp-json\/wp\/v2\/product_brand?post=111792"},{"taxonomy":"product_cat","embeddable":true,"href":"https:\/\/partyinabox.dk\/party\/wp-json\/wp\/v2\/product_cat?post=111792"},{"taxonomy":"product_tag","embeddable":true,"href":"https:\/\/partyinabox.dk\/party\/wp-json\/wp\/v2\/product_tag?post=111792"}],"curies":[{"name":"wp","href":"https:\/\/api.w.org\/{rel}","templated":true}]}}