{"id":111632,"date":"2026-04-23T14:09:13","date_gmt":"2026-04-23T12:09:13","guid":{"rendered":"https:\/\/partyinabox.dk\/party\/?post_type=product&#038;p=111632"},"modified":"2026-04-28T03:34:41","modified_gmt":"2026-04-28T01:34:41","slug":"kunstig-blomster-ranke-m-hvide-roser","status":"publish","type":"product","link":"https:\/\/partyinabox.dk\/party\/vare\/kunstig-blomster-ranke-m-hvide-roser\/","title":{"rendered":"Kunstig blomster ranke m\/hvide roser"},"content":{"rendered":"<p>D\u00e6k bordet flot op med denne blomsterranke. Den passer perfekt til bordet runde eller lange, og giver et elegant udtryk med de smukke hvide roser.<\/p>\n<p>Kan ogs\u00e5 bruges i loftet eller h\u00e6nge p\u00e5 langs i vinduerne. Kan tilf\u00f8jes i h\u00e6kken, hvis I holder havefest. Eller i en \u00e6resport.<\/p>\n<p>S\u00e6t den ogs\u00e5 sammen med lysk\u00e6der for at f\u00e5 en magisk effekt, n\u00e5r m\u00f8rket falder p\u00e5.<\/p>\n<p>Altid genanvendelig og kan altid bruges til en sommerfest, bryllup, studentergilder, konfirmationer osv.<\/p>\n<p>M\u00e5l: 220 cm<\/p>\n<p>Indhold: 1 stk.<\/p>\n","protected":false},"excerpt":{"rendered":"<p>D\u00e6k bordet flot op med denne blomsterranke. Den passer perfekt til bordet runde eller lange, og giver et elegant udtryk med de smukke hvide roser. Kan ogs\u00e5 bruges i loftet eller h\u00e6nge p\u00e5 langs i vinduerne. Kan tilf\u00f8jes i h\u00e6kken, [&hellip;]<\/p>\n","protected":false},"featured_media":111634,"template":"","meta":{"_acf_changed":false},"product_brand":[],"product_cat":[19],"product_tag":[],"class_list":{"0":"post-111632","1":"product","2":"type-product","3":"status-publish","4":"has-post-thumbnail","6":"product_cat-pynt","8":"first","9":"outofstock","10":"taxable","11":"shipping-taxable","12":"purchasable","13":"product-type-simple"},"bundled_by":[],"bundle_stock_status":"outofstock","bundle_stock_quantity":0,"bundle_virtual":false,"bundle_layout":"","bundle_add_to_cart_form_location":"","bundle_editable_in_cart":false,"bundle_sold_individually_context":"","bundle_item_grouping":"","bundle_min_size":"","bundle_max_size":"","bundle_price":[],"bundled_items":[],"bundle_sell_ids":[],"acf":[],"tiered_pricing_type":"fixed","tiered_pricing_fixed_rules":[],"tiered_pricing_product_settings":{"layout":"default","base_unit_name":{"singular":null,"plural":null},"default_variation":null},"tiered_pricing_minimum_quantity":null,"tiered_pricing_roles_data":[],"tiered_pricing_percentage_rules":[],"tiered_pricing_maximum_quantity":null,"tiered_pricing_quantity_step":null,"_links":{"self":[{"href":"https:\/\/partyinabox.dk\/party\/wp-json\/wp\/v2\/product\/111632","targetHints":{"allow":["GET"]}}],"collection":[{"href":"https:\/\/partyinabox.dk\/party\/wp-json\/wp\/v2\/product"}],"about":[{"href":"https:\/\/partyinabox.dk\/party\/wp-json\/wp\/v2\/types\/product"}],"wp:featuredmedia":[{"embeddable":true,"href":"https:\/\/partyinabox.dk\/party\/wp-json\/wp\/v2\/media\/111634"}],"wp:attachment":[{"href":"https:\/\/partyinabox.dk\/party\/wp-json\/wp\/v2\/media?parent=111632"}],"wp:term":[{"taxonomy":"product_brand","embeddable":true,"href":"https:\/\/partyinabox.dk\/party\/wp-json\/wp\/v2\/product_brand?post=111632"},{"taxonomy":"product_cat","embeddable":true,"href":"https:\/\/partyinabox.dk\/party\/wp-json\/wp\/v2\/product_cat?post=111632"},{"taxonomy":"product_tag","embeddable":true,"href":"https:\/\/partyinabox.dk\/party\/wp-json\/wp\/v2\/product_tag?post=111632"}],"curies":[{"name":"wp","href":"https:\/\/api.w.org\/{rel}","templated":true}]}}