{"id":111461,"date":"2026-04-21T14:49:55","date_gmt":"2026-04-21T12:49:55","guid":{"rendered":"https:\/\/partyinabox.dk\/party\/vare\/dannebrog-bordflag-i-trae\/"},"modified":"2026-04-30T13:15:15","modified_gmt":"2026-04-30T11:15:15","slug":"dannebrog-bordflag-i-trae","status":"publish","type":"product","link":"https:\/\/partyinabox.dk\/party\/vare\/dannebrog-bordflag-i-trae\/","title":{"rendered":"Dannebrog bordflag i tr\u00e6"},"content":{"rendered":"<p>Skab \u00e6gte dansk hygge med dette klassiske bordflag i tr\u00e6. Den velkendte r\u00f8de dug med det hvide kors er elegant den hvide stang, der st\u00e5r solidt plantet i den stabile fod. Dette tidl\u00f8se flag passer perfekt til f\u00f8dselsdage, konfirmationer og nationale m\u00e6rkedage.<\/p>\n<p>Den robuste tr\u00e6konstruktion sikrer, at flaget holder sig flot gennem mange festlige stunder. Placer det som et smukt midtpunkt p\u00e5 kaffebordet eller brug flere flag til en stemningsfuld bordpynt.<\/p>\n<p>Indhold: 1 stk. \/ M\u00e5l: 21 cm<\/p>\n","protected":false},"excerpt":{"rendered":"<p>Skab \u00e6gte dansk hygge med dette klassiske bordflag i tr\u00e6. Den velkendte r\u00f8de dug med det hvide kors er elegant den hvide stang, der st\u00e5r solidt plantet i den stabile fod. Dette tidl\u00f8se flag passer perfekt til f\u00f8dselsdage, konfirmationer og [&hellip;]<\/p>\n","protected":false},"featured_media":111493,"template":"","meta":{"_acf_changed":false},"product_brand":[],"product_cat":[32],"product_tag":[],"class_list":{"0":"post-111461","1":"product","2":"type-product","3":"status-publish","4":"has-post-thumbnail","6":"product_cat-service","7":"pa_item-color-hvid","8":"pa_item-color-roed","9":"pa_item-group-dekoration","10":"pa_item-subgroup-flag","11":"pa_pakken-indeholder-bordflag","12":"pa_tema_tax-countries","13":"pa_under-tema-denmark","15":"first","16":"instock","17":"taxable","18":"shipping-taxable","19":"purchasable","20":"product-type-simple"},"bundled_by":[],"bundle_stock_status":"instock","bundle_stock_quantity":99,"bundle_virtual":false,"bundle_layout":"","bundle_add_to_cart_form_location":"","bundle_editable_in_cart":false,"bundle_sold_individually_context":"","bundle_item_grouping":"","bundle_min_size":"","bundle_max_size":"","bundle_price":[],"bundled_items":[],"bundle_sell_ids":[],"acf":[],"tiered_pricing_type":"fixed","tiered_pricing_fixed_rules":[],"tiered_pricing_product_settings":{"layout":"default","base_unit_name":{"singular":null,"plural":null},"default_variation":null},"tiered_pricing_minimum_quantity":null,"tiered_pricing_roles_data":[],"tiered_pricing_percentage_rules":[],"tiered_pricing_maximum_quantity":null,"tiered_pricing_quantity_step":null,"_links":{"self":[{"href":"https:\/\/partyinabox.dk\/party\/wp-json\/wp\/v2\/product\/111461","targetHints":{"allow":["GET"]}}],"collection":[{"href":"https:\/\/partyinabox.dk\/party\/wp-json\/wp\/v2\/product"}],"about":[{"href":"https:\/\/partyinabox.dk\/party\/wp-json\/wp\/v2\/types\/product"}],"wp:featuredmedia":[{"embeddable":true,"href":"https:\/\/partyinabox.dk\/party\/wp-json\/wp\/v2\/media\/111493"}],"wp:attachment":[{"href":"https:\/\/partyinabox.dk\/party\/wp-json\/wp\/v2\/media?parent=111461"}],"wp:term":[{"taxonomy":"product_brand","embeddable":true,"href":"https:\/\/partyinabox.dk\/party\/wp-json\/wp\/v2\/product_brand?post=111461"},{"taxonomy":"product_cat","embeddable":true,"href":"https:\/\/partyinabox.dk\/party\/wp-json\/wp\/v2\/product_cat?post=111461"},{"taxonomy":"product_tag","embeddable":true,"href":"https:\/\/partyinabox.dk\/party\/wp-json\/wp\/v2\/product_tag?post=111461"}],"curies":[{"name":"wp","href":"https:\/\/api.w.org\/{rel}","templated":true}]}}