{"id":111356,"date":"2026-04-21T07:57:25","date_gmt":"2026-04-21T05:57:25","guid":{"rendered":"https:\/\/partyinabox.dk\/party\/vare\/aarets-student-kappe-2\/"},"modified":"2026-04-23T14:55:07","modified_gmt":"2026-04-23T12:55:07","slug":"aarets-student-kappe-2","status":"publish","type":"product","link":"https:\/\/partyinabox.dk\/party\/vare\/aarets-student-kappe-2\/","title":{"rendered":"Bl\u00e5 kappe &#8220;super student&#8221;"},"content":{"rendered":"<p>Kast kappen over skuldrene og spring ud i fejringen som den super student du er. Det er den oplagte detalje, der s\u00e6tter prikken over i\u2019et p\u00e5 en uforglemmelig dag, hvor du med rette kan klappe dig selv p\u00e5 skulderen over en flot indsats.<\/p>\n<p>Kappen fanger hurtigt opm\u00e6rksomheden med sit tydelige &#8220;Super student&#8221; print, der st\u00e5r knivskarpt mod den bl\u00e5 baggrund. Den sidder let over skuldrene.<\/p>\n<ul>\n<li>En ideel accessoires til vognturen eller studentergildet<\/li>\n<li>I\u00f8jnefaldende bl\u00e5 farve, der spreder \u00e6gte studentergl\u00e6de<\/li>\n<li>Nemt at tage p\u00e5 over dit festt\u00f8j<\/li>\n<\/ul>\n<p>M\u00e5l: 90\u00d790 cm<\/p>\n","protected":false},"excerpt":{"rendered":"<p>Kast kappen over skuldrene og spring ud i fejringen som den super student du er. Det er den oplagte detalje, der s\u00e6tter prikken over i\u2019et p\u00e5 en uforglemmelig dag, hvor du med rette kan klappe dig selv p\u00e5 skulderen over [&hellip;]<\/p>\n","protected":false},"featured_media":111357,"template":"","meta":{"_acf_changed":false},"product_brand":[],"product_cat":[34],"product_tag":[],"class_list":{"0":"post-111356","1":"product","2":"type-product","3":"status-publish","4":"has-post-thumbnail","6":"product_cat-accessories","7":"pa_item-color-blaa","8":"pa_item-group-beklaedning","9":"pa_item-subgroup-kappe","10":"pa_pakken-indeholder-kappe","11":"pa_tema_tax-occasions","12":"pa_under-tema-student","14":"first","15":"instock","16":"taxable","17":"shipping-taxable","18":"purchasable","19":"product-type-simple"},"bundled_by":[],"bundle_stock_status":"instock","bundle_stock_quantity":59,"bundle_virtual":false,"bundle_layout":"","bundle_add_to_cart_form_location":"","bundle_editable_in_cart":false,"bundle_sold_individually_context":"","bundle_item_grouping":"","bundle_min_size":"","bundle_max_size":"","bundle_price":[],"bundled_items":[],"bundle_sell_ids":[],"acf":[],"tiered_pricing_type":"fixed","tiered_pricing_fixed_rules":[],"tiered_pricing_product_settings":{"layout":"default","base_unit_name":{"singular":null,"plural":null},"default_variation":null},"tiered_pricing_minimum_quantity":null,"tiered_pricing_roles_data":[],"tiered_pricing_percentage_rules":[],"tiered_pricing_maximum_quantity":null,"tiered_pricing_quantity_step":null,"_links":{"self":[{"href":"https:\/\/partyinabox.dk\/party\/wp-json\/wp\/v2\/product\/111356","targetHints":{"allow":["GET"]}}],"collection":[{"href":"https:\/\/partyinabox.dk\/party\/wp-json\/wp\/v2\/product"}],"about":[{"href":"https:\/\/partyinabox.dk\/party\/wp-json\/wp\/v2\/types\/product"}],"wp:featuredmedia":[{"embeddable":true,"href":"https:\/\/partyinabox.dk\/party\/wp-json\/wp\/v2\/media\/111357"}],"wp:attachment":[{"href":"https:\/\/partyinabox.dk\/party\/wp-json\/wp\/v2\/media?parent=111356"}],"wp:term":[{"taxonomy":"product_brand","embeddable":true,"href":"https:\/\/partyinabox.dk\/party\/wp-json\/wp\/v2\/product_brand?post=111356"},{"taxonomy":"product_cat","embeddable":true,"href":"https:\/\/partyinabox.dk\/party\/wp-json\/wp\/v2\/product_cat?post=111356"},{"taxonomy":"product_tag","embeddable":true,"href":"https:\/\/partyinabox.dk\/party\/wp-json\/wp\/v2\/product_tag?post=111356"}],"curies":[{"name":"wp","href":"https:\/\/api.w.org\/{rel}","templated":true}]}}