{"id":30009,"date":"2021-12-17T11:07:53","date_gmt":"2021-12-17T10:07:53","guid":{"rendered":"https:\/\/partyinabox.dk\/party\/?page_id=30009"},"modified":"2023-08-10T10:07:51","modified_gmt":"2023-08-10T08:07:51","slug":"nytaarskonkurrence","status":"publish","type":"page","link":"https:\/\/partyinabox.dk\/party\/nytaarskonkurrence\/","title":{"rendered":"\ud83e\udd42 NYT\u00c5RS KONKURRENCE \ud83e\udd42"},"content":{"rendered":"\n<p>\u00c5rets sidste dag skal fejres med glimmer og glitter! \ud83e\udd73\ud83c\udf7e deltag i konkurrencen om at vinde en nyt\u00e5rsbox til en v\u00e6rdi af 1500 kr og en flaske bobler til at sk\u00e5le i kl. 00.00\ud83e\udd29<\/p>\n\n\n\n<p><\/p>\n\n\n\n<p>Deltag ved at tilmelde dig vores nyhedsbrev \ud83e\udd73<\/p>\n\n\n\n<p><\/p>\n\n\n\n<p>Vinderen findes d. 26 december og kontaktes direkte p\u00e5 mail<\/p>\n\n\n\n<p><\/p>\n\n\n<script>(function() {\n\twindow.mc4wp = window.mc4wp || {\n\t\tlisteners: [],\n\t\tforms: {\n\t\t\ton: function(evt, cb) {\n\t\t\t\twindow.mc4wp.listeners.push(\n\t\t\t\t\t{\n\t\t\t\t\t\tevent   : evt,\n\t\t\t\t\t\tcallback: cb\n\t\t\t\t\t}\n\t\t\t\t);\n\t\t\t}\n\t\t}\n\t}\n})();\n<\/script><!-- Mailchimp for WordPress v4.12.2 - https:\/\/wordpress.org\/plugins\/mailchimp-for-wp\/ --><form id=\"mc4wp-form-1\" class=\"mc4wp-form mc4wp-form-312\" method=\"post\" data-id=\"312\" data-name=\"Nyhedsbrev\" ><div class=\"mc4wp-form-fields\"><input type=\"text\" name=\"FNAME\" required placeholder=\"Dit navn\">\r\n<input type=\"email\" name=\"EMAIL\" required placeholder=\"Din e-mail\">\r\n<input type=\"submit\" value=\"Tilmeld nyhedsbrev\" class=\"button\"><\/div><label style=\"display: none !important;\">Leave this field empty if you're human: <input type=\"text\" name=\"_mc4wp_honeypot\" value=\"\" tabindex=\"-1\" autocomplete=\"off\" \/><\/label><input type=\"hidden\" name=\"_mc4wp_timestamp\" value=\"1777601493\" \/><input type=\"hidden\" name=\"_mc4wp_form_id\" value=\"312\" \/><input type=\"hidden\" name=\"_mc4wp_form_element_id\" value=\"mc4wp-form-1\" \/><div class=\"mc4wp-response\"><\/div><\/form><!-- \/ Mailchimp for WordPress Plugin -->\n","protected":false},"excerpt":{"rendered":"<p>\u00c5rets sidste dag skal fejres med glimmer og glitter! \ud83e\udd73\ud83c\udf7e deltag i konkurrencen om at vinde en nyt\u00e5rsbox til en v\u00e6rdi af 1500 kr og en flaske bobler til at sk\u00e5le i kl. 00.00\ud83e\udd29 Deltag ved at tilmelde dig vores [&hellip;]<\/p>\n","protected":false},"author":7,"featured_media":0,"parent":0,"menu_order":0,"comment_status":"closed","ping_status":"closed","template":"","meta":{"_acf_changed":false,"footnotes":""},"class_list":["post-30009","page","type-page","status-publish","format-standard","hentry"],"acf":[],"_links":{"self":[{"href":"https:\/\/partyinabox.dk\/party\/wp-json\/wp\/v2\/pages\/30009","targetHints":{"allow":["GET"]}}],"collection":[{"href":"https:\/\/partyinabox.dk\/party\/wp-json\/wp\/v2\/pages"}],"about":[{"href":"https:\/\/partyinabox.dk\/party\/wp-json\/wp\/v2\/types\/page"}],"author":[{"embeddable":true,"href":"https:\/\/partyinabox.dk\/party\/wp-json\/wp\/v2\/users\/7"}],"replies":[{"embeddable":true,"href":"https:\/\/partyinabox.dk\/party\/wp-json\/wp\/v2\/comments?post=30009"}],"version-history":[{"count":0,"href":"https:\/\/partyinabox.dk\/party\/wp-json\/wp\/v2\/pages\/30009\/revisions"}],"wp:attachment":[{"href":"https:\/\/partyinabox.dk\/party\/wp-json\/wp\/v2\/media?parent=30009"}],"curies":[{"name":"wp","href":"https:\/\/api.w.org\/{rel}","templated":true}]}}